{"id":142,"date":"2023-11-29T12:17:51","date_gmt":"2023-11-29T12:17:51","guid":{"rendered":"https:\/\/edublog.educastur.es\/miblogdeeie\/?page_id=142"},"modified":"2023-11-30T10:35:04","modified_gmt":"2023-11-30T10:35:04","slug":"scape-room-financiero","status":"publish","type":"page","link":"https:\/\/edublog.educastur.es\/miblogdeeie\/scape-room-financiero\/","title":{"rendered":"FINEXIT. Escape Room Financiero"},"content":{"rendered":"<p style=\"text-align: justify\">El d\u00eda 27 de noviembre el alumnado de AFI e INFO1, ha participado en\u00a0 <strong>FINEXIT<\/strong>, el escape room financiero dise\u00f1ado por la <strong>Fundaci\u00f3n Mapfre.<\/strong><\/p>\n<p style=\"text-align: justify\">\u00bfTe imaginas lo qu\u00e9 pasar\u00eda si una trama internacional se infiltrara en una de las mayores empresas del pa\u00eds con la intenci\u00f3n de convertir todos sus activos en Bitcoins y transferirlos a una cuenta imposible de rastrear? Tus alumnos pueden ser la clave para <strong>evitar que la bolsa y la econom\u00eda nacional se hundan<\/strong>.<\/p>\n<p style=\"text-align: justify\">En un tiempo limitado, los jugadores deben entrar en una oficina y descifrar, a trav\u00e9s de mensajes de correo electr\u00f3nico, aplicaciones de m\u00f3vil y distintos documentos, las claves para conseguir hacer naufragar los planes de estos sofisticados delincuentes.<\/p>\n<p style=\"text-align: justify\">Adem\u00e1s fomentar\u00e1s su capacidad de trabajar en equipo y su habilidad para superar dificultades.<\/p>\n<p><strong>HA RESULTADO MUY INTERESANTE Y DIVERTIDO. MUCHAS GRACIAS A LA FUNDACI\u00d3N MAPFRE.<\/strong><\/p>\n","protected":false},"excerpt":{"rendered":"<p>El d\u00eda 27 de noviembre el alumnado de AFI e INFO1, ha participado en\u00a0 FINEXIT, el escape room financiero dise\u00f1ado por la Fundaci\u00f3n Mapfre. \u00bfTe imaginas lo qu\u00e9 pasar\u00eda si una trama internacional se infiltrara en una de las mayores empresas del pa\u00eds con la intenci\u00f3n de convertir todos sus activos en Bitcoins y transferirlos [&hellip;]<\/p>\n","protected":false},"author":1261,"featured_media":0,"parent":0,"menu_order":0,"comment_status":"closed","ping_status":"closed","template":"","meta":{"footnotes":""},"class_list":["post-142","page","type-page","status-publish","hentry"],"_links":{"self":[{"href":"https:\/\/edublog.educastur.es\/miblogdeeie\/wp-json\/wp\/v2\/pages\/142","targetHints":{"allow":["GET"]}}],"collection":[{"href":"https:\/\/edublog.educastur.es\/miblogdeeie\/wp-json\/wp\/v2\/pages"}],"about":[{"href":"https:\/\/edublog.educastur.es\/miblogdeeie\/wp-json\/wp\/v2\/types\/page"}],"author":[{"embeddable":true,"href":"https:\/\/edublog.educastur.es\/miblogdeeie\/wp-json\/wp\/v2\/users\/1261"}],"replies":[{"embeddable":true,"href":"https:\/\/edublog.educastur.es\/miblogdeeie\/wp-json\/wp\/v2\/comments?post=142"}],"version-history":[{"count":4,"href":"https:\/\/edublog.educastur.es\/miblogdeeie\/wp-json\/wp\/v2\/pages\/142\/revisions"}],"predecessor-version":[{"id":192,"href":"https:\/\/edublog.educastur.es\/miblogdeeie\/wp-json\/wp\/v2\/pages\/142\/revisions\/192"}],"wp:attachment":[{"href":"https:\/\/edublog.educastur.es\/miblogdeeie\/wp-json\/wp\/v2\/media?parent=142"}],"curies":[{"name":"wp","href":"https:\/\/api.w.org\/{rel}","templated":true}]}}