{"id":283,"date":"2024-01-24T14:50:06","date_gmt":"2024-01-24T14:50:06","guid":{"rendered":"https:\/\/edublog.educastur.es\/miblogdeeie\/?page_id=283"},"modified":"2024-01-26T09:15:17","modified_gmt":"2024-01-26T09:15:17","slug":"https-edublog-educastur-es-miblogdeeie-wp-admin-post-phppost283actionedit","status":"publish","type":"page","link":"https:\/\/edublog.educastur.es\/miblogdeeie\/https-edublog-educastur-es-miblogdeeie-wp-admin-post-phppost283actionedit\/","title":{"rendered":"Inicio"},"content":{"rendered":"<p style=\"text-align: center\"><strong>BIENVENID@ AL AULA DE EMPRENDIMIENTO DEL IES CONCEJO DE TINEO<\/strong><\/p>\n<p><img loading=\"lazy\" decoding=\"async\" class=\"alignnone size-medium wp-image-210 aligncenter\" src=\"http:\/\/edublog.educastur.es\/miblogdeeie\/files\/2024\/01\/Emprende-tineo-300x300.png\" alt=\"\" width=\"300\" height=\"300\" \/><\/p>\n<p style=\"text-align: justify\"><span style=\"font-size: 14pt\">Los <strong>OBJETIVOS GENERALES<\/strong> del Aula de Emprendimiento son los siguientes:<\/span><\/p>\n<p style=\"text-align: justify\"><span style=\"font-size: 14pt\">1. Sensibilizar al alumnado del centro educativo en el emprendimiento en general y en sus versiones social, sostenible o colaborativo.<\/span><br \/>\n<span style=\"font-size: 14pt\">2. Consolidar las \u201cSoft-Vocational skills\u201d (habilidades personales, sociales y profesionales) como habilidades transversales y necesarias en el alumnado para triunfar como emprendedores y potenciar su autonom\u00eda, confianza y empleabilidad.<\/span><br \/>\n<span style=\"font-size: 14pt\">3. Crear un espacio-f\u00edsico que incentive la creatividad, la innovaci\u00f3n, el trabajo en equipo y, como consecuencia, la innovaci\u00f3n y el emprendimiento.<\/span><br \/>\n<span style=\"font-size: 14pt\">4. Crear una Red de colaboraci\u00f3n, cooperaci\u00f3n y alianzas entre centros educativos, empresas, instituciones y organizaciones del entorno comprometidos con el emprendimiento.<\/span><br \/>\n<span style=\"font-size: 14pt\">5. Generar experiencias reales e iniciales de emprendimiento en el alumnado participante.<\/span><br \/>\n<span style=\"font-size: 14pt\">6. Organizar y\/o participar en ferias de emprendimiento de mayor \u00e1mbito geogr\u00e1fico en colaboraci\u00f3n con otras aulas de emprendimiento del entorno.<\/span><br \/>\n<span style=\"font-size: 14pt\">7. Participar en convocatorias de premios comarcales, regionales o nacionales de proyectos relacionados con el emprendimiento y las Startups.<\/span><br \/>\n<span style=\"font-size: 14pt\">8. Ampliar el ecosistema emprendedor del centro educativo con semilleros o viveros de empresas en los que los proyectos nacidos en las aulas de emprendimiento puedan evolucionar.<\/span><br \/>\n<span style=\"font-size: 14pt\">Y seguro que se pueden sumar muchos m\u00e1s objetivos que ir\u00e1n surgiendo a medida que el proyecto del aula de emprendimiento vaya cogiendo solera en el centro.<\/span><\/p>\n<p><img loading=\"lazy\" decoding=\"async\" class=\"alignnone wp-image-272\" src=\"http:\/\/edublog.educastur.es\/miblogdeeie\/files\/2024\/01\/Sin-ti\u0301tulo-6-300x120.png\" alt=\"\" width=\"293\" height=\"117\" srcset=\"https:\/\/edublog.educastur.es\/miblogdeeie\/files\/2024\/01\/Sin-ti\u0301tulo-6-300x120.png 300w, https:\/\/edublog.educastur.es\/miblogdeeie\/files\/2024\/01\/Sin-ti\u0301tulo-6.png 355w\" sizes=\"auto, (max-width: 293px) 100vw, 293px\" \/><\/p>\n<p><img loading=\"lazy\" decoding=\"async\" class=\"alignnone wp-image-259\" src=\"http:\/\/edublog.educastur.es\/miblogdeeie\/files\/2024\/01\/fd06a019-3cb2-4307-8b05-3a6c9fd18a45.png\" alt=\"\" width=\"278\" height=\"55\" \/><\/p>\n<p><img loading=\"lazy\" decoding=\"async\" class=\"alignnone wp-image-261\" src=\"http:\/\/edublog.educastur.es\/miblogdeeie\/files\/2024\/01\/Sin-ti\u0301tulo-4-300x128.jpg\" alt=\"\" width=\"267\" height=\"114\" srcset=\"https:\/\/edublog.educastur.es\/miblogdeeie\/files\/2024\/01\/Sin-ti\u0301tulo-4-300x128.jpg 300w, https:\/\/edublog.educastur.es\/miblogdeeie\/files\/2024\/01\/Sin-ti\u0301tulo-4.jpg 344w\" sizes=\"auto, (max-width: 267px) 100vw, 267px\" \/><img loading=\"lazy\" decoding=\"async\" class=\"alignnone wp-image-260\" src=\"http:\/\/edublog.educastur.es\/miblogdeeie\/files\/2024\/01\/Sin-ti\u0301tulo-4-300x42.png\" alt=\"\" width=\"371\" height=\"52\" srcset=\"https:\/\/edublog.educastur.es\/miblogdeeie\/files\/2024\/01\/Sin-ti\u0301tulo-4-300x42.png 300w, https:\/\/edublog.educastur.es\/miblogdeeie\/files\/2024\/01\/Sin-ti\u0301tulo-4.png 600w\" sizes=\"auto, (max-width: 371px) 100vw, 371px\" \/><\/p>\n","protected":false},"excerpt":{"rendered":"<p>BIENVENID@ AL AULA DE EMPRENDIMIENTO DEL IES CONCEJO DE TINEO Los OBJETIVOS GENERALES del Aula de Emprendimiento son los siguientes: 1. Sensibilizar al alumnado del centro educativo en el emprendimiento en general y en sus versiones social, sostenible o colaborativo. 2. Consolidar las \u201cSoft-Vocational skills\u201d (habilidades personales, sociales y profesionales) como habilidades transversales y necesarias [&hellip;]<\/p>\n","protected":false},"author":1261,"featured_media":0,"parent":0,"menu_order":0,"comment_status":"closed","ping_status":"closed","template":"","meta":{"footnotes":""},"class_list":["post-283","page","type-page","status-publish","hentry"],"_links":{"self":[{"href":"https:\/\/edublog.educastur.es\/miblogdeeie\/wp-json\/wp\/v2\/pages\/283","targetHints":{"allow":["GET"]}}],"collection":[{"href":"https:\/\/edublog.educastur.es\/miblogdeeie\/wp-json\/wp\/v2\/pages"}],"about":[{"href":"https:\/\/edublog.educastur.es\/miblogdeeie\/wp-json\/wp\/v2\/types\/page"}],"author":[{"embeddable":true,"href":"https:\/\/edublog.educastur.es\/miblogdeeie\/wp-json\/wp\/v2\/users\/1261"}],"replies":[{"embeddable":true,"href":"https:\/\/edublog.educastur.es\/miblogdeeie\/wp-json\/wp\/v2\/comments?post=283"}],"version-history":[{"count":9,"href":"https:\/\/edublog.educastur.es\/miblogdeeie\/wp-json\/wp\/v2\/pages\/283\/revisions"}],"predecessor-version":[{"id":295,"href":"https:\/\/edublog.educastur.es\/miblogdeeie\/wp-json\/wp\/v2\/pages\/283\/revisions\/295"}],"wp:attachment":[{"href":"https:\/\/edublog.educastur.es\/miblogdeeie\/wp-json\/wp\/v2\/media?parent=283"}],"curies":[{"name":"wp","href":"https:\/\/api.w.org\/{rel}","templated":true}]}}