{"id":28,"date":"2024-10-13T18:19:49","date_gmt":"2024-10-13T16:19:49","guid":{"rendered":"https:\/\/edublog.educastur.es\/mnataliaarbesuzapico\/?page_id=28"},"modified":"2024-10-13T19:37:28","modified_gmt":"2024-10-13T17:37:28","slug":"acerca-de-las-mate-en-el-ibq","status":"publish","type":"page","link":"https:\/\/edublog.educastur.es\/mnataliaarbesuzapico\/acerca-de-las-mate-en-el-ibq\/","title":{"rendered":"ACERCA DE LAS MATE EN EL IBQ"},"content":{"rendered":"<p><img loading=\"lazy\" decoding=\"async\" class=\"alignright\" src=\"https:\/\/media.istockphoto.com\/id\/1403886351\/es\/foto\/grupo-de-estudiantes-escuchando-atentamente-la-conferencia-de-una-profesora.jpg?s=1024x1024&amp;w=is&amp;k=20&amp;c=J2-FcpD12n9rHtApzaHtXWvdK6NVJIolE8KG3K-ruEs=\" alt=\"Aprendizaje colaborativo en Matem\u00e1ticas\" width=\"581\" height=\"324\" \/><\/p>\n<p><span style=\"font-family: arial, helvetica, sans-serif\"><strong>Blog educativo que ofrece ventajas para los alumnos del I.E.S. Bernaldo de Quir\u00f3s en la materia de matem\u00e1ticas. El objetivo es mejorar en la competencia STEM compartiendo recursos, enlaces, documentos y materiales relevantes para el \u00e9xito por niveles en dicha materia. Facilitando a los estudiantes acceder a informaci\u00f3n organizada y estructurada por niveles acad\u00e9micos.<\/strong><\/span><\/p>\n<p>&nbsp;<\/p>\n","protected":false},"excerpt":{"rendered":"<p>Blog educativo que ofrece ventajas para los alumnos del I.E.S. Bernaldo de Quir\u00f3s en la materia de matem\u00e1ticas. El objetivo es mejorar en la competencia STEM compartiendo recursos, enlaces, documentos y materiales relevantes para el \u00e9xito por niveles en dicha materia. Facilitando a los estudiantes acceder a informaci\u00f3n organizada y estructurada por niveles acad\u00e9micos. &nbsp;<\/p>\n","protected":false},"author":5947,"featured_media":0,"parent":0,"menu_order":0,"comment_status":"closed","ping_status":"closed","template":"","meta":{"footnotes":""},"class_list":["post-28","page","type-page","status-publish","hentry","post-preview"],"_links":{"self":[{"href":"https:\/\/edublog.educastur.es\/mnataliaarbesuzapico\/wp-json\/wp\/v2\/pages\/28","targetHints":{"allow":["GET"]}}],"collection":[{"href":"https:\/\/edublog.educastur.es\/mnataliaarbesuzapico\/wp-json\/wp\/v2\/pages"}],"about":[{"href":"https:\/\/edublog.educastur.es\/mnataliaarbesuzapico\/wp-json\/wp\/v2\/types\/page"}],"author":[{"embeddable":true,"href":"https:\/\/edublog.educastur.es\/mnataliaarbesuzapico\/wp-json\/wp\/v2\/users\/5947"}],"replies":[{"embeddable":true,"href":"https:\/\/edublog.educastur.es\/mnataliaarbesuzapico\/wp-json\/wp\/v2\/comments?post=28"}],"version-history":[{"count":14,"href":"https:\/\/edublog.educastur.es\/mnataliaarbesuzapico\/wp-json\/wp\/v2\/pages\/28\/revisions"}],"predecessor-version":[{"id":55,"href":"https:\/\/edublog.educastur.es\/mnataliaarbesuzapico\/wp-json\/wp\/v2\/pages\/28\/revisions\/55"}],"wp:attachment":[{"href":"https:\/\/edublog.educastur.es\/mnataliaarbesuzapico\/wp-json\/wp\/v2\/media?parent=28"}],"curies":[{"name":"wp","href":"https:\/\/api.w.org\/{rel}","templated":true}]}}