{"id":84,"date":"2020-07-07T10:42:25","date_gmt":"2020-07-07T10:42:25","guid":{"rendered":"https:\/\/edublog.educastur.es\/mrol\/?page_id=84"},"modified":"2026-03-17T13:09:58","modified_gmt":"2026-03-17T13:09:58","slug":"formacion-en-empresa","status":"publish","type":"page","link":"https:\/\/edublog.educastur.es\/mrol\/formacion-en-empresa\/","title":{"rendered":"F-empresa"},"content":{"rendered":"<p><img loading=\"lazy\" decoding=\"async\" class=\"alignnone size-full wp-image-39\" src=\"http:\/\/edublog.educastur.es\/mrol\/files\/2020\/07\/11.jpg\" alt=\"\" width=\"50\" height=\"35\" \/> <a href=\"https:\/\/docs.google.com\/forms\/d\/e\/1FAIpQLSebxVH5VFeFstXi8Ley2eJKLqfuMiXrGQZgwfAERqwa_ydu0A\/viewform?usp=preview\" target=\"_blank\" rel=\"noopener\">Ficha para recoger los datos.Formaci\u00f3n en empresa<\/a><\/p>\n<p><img loading=\"lazy\" decoding=\"async\" class=\"alignnone size-full wp-image-206\" src=\"http:\/\/edublog.educastur.es\/mrol\/files\/2020\/07\/lapicero.jpg\" alt=\"\" width=\"40\" height=\"39\" \/> \u00a0<a href=\"https:\/\/forms.gle\/4nP1UNbtcDe6hq476\" target=\"_blank\" rel=\"noopener\">Recoger Empresas\u00a0<\/a><\/p>\n<hr \/>\n<p><span style=\"color: #339966\"><a style=\"color: #339966\" href=\"https:\/\/view.genially.com\/69b93439b30b7cf750dd3b8a\/presentation-efe-2025-2026\" target=\"_blank\" rel=\"noopener\"><span style=\"color: #ff0000\"><b>Presentaci\u00f3n Estancia Formativa en Empresa<\/b><\/span><\/a><\/span><\/p>\n<p><img loading=\"lazy\" decoding=\"async\" class=\"alignnone size-full wp-image-136\" src=\"http:\/\/edublog.educastur.es\/cifpcerdeno\/files\/2022\/04\/i5-1.jpg\" alt=\"\" width=\"33\" height=\"27\" \/>\u00a0 \u00a0<a href=\"https:\/\/forms.office.com\/Pages\/ShareFormPage.aspx?id=O26jiJ_XK0qNtkwG0Jc4Ic82sAvyUyVAppAkQ8yv90pUQlFQV0dYNjdISTlZQUFSWU1QUlIyTlc2NS4u&amp;sharetoken=U46TAwWxl0pEpWxipdWO\" target=\"_blank\" rel=\"noopener\">Balance\u00a0 semanal seguimiento<\/a><\/p>\n<p><a href=\"https:\/\/drive.google.com\/file\/d\/1QkPQpLSsoepFr34HeBb3gu_X3pho4Okx\/view?usp=sharing\" target=\"_blank\" rel=\"noopener\"><img loading=\"lazy\" decoding=\"async\" class=\"alignnone size-full wp-image-136\" src=\"http:\/\/edublog.educastur.es\/cifpcerdeno\/files\/2022\/04\/i5-1.jpg\" alt=\"\" width=\"33\" height=\"27\" \/><\/a><a href=\"https:\/\/drive.google.com\/file\/d\/1QkPQpLSsoepFr34HeBb3gu_X3pho4Okx\/view?usp=sharing\" target=\"_blank\" rel=\"noopener\">Normas del CIFP para la FCT<\/a><\/p>\n<p><img loading=\"lazy\" decoding=\"async\" class=\"alignnone size-medium wp-image-95\" src=\"http:\/\/edublog.educastur.es\/mrol\/files\/2020\/07\/regu-300x38.jpg\" alt=\"\" width=\"300\" height=\"38\" srcset=\"https:\/\/edublog.educastur.es\/mrol\/files\/2020\/07\/regu-300x38.jpg 300w, https:\/\/edublog.educastur.es\/mrol\/files\/2020\/07\/regu.jpg 393w\" sizes=\"auto, (max-width: 300px) 100vw, 300px\" \/><\/p>\n<p><a title=\"Abrir\" href=\"https:\/\/drive.google.com\/file\/d\/1ta5tTa20ZWCUiGZHYkEbrH7myzVEQX3H\/view?usp=sharing\" target=\"_blank\" rel=\"noopener noreferrer\"><img loading=\"lazy\" decoding=\"async\" class=\"alignnone size-full wp-image-135\" src=\"http:\/\/edublog.educastur.es\/cifpcerdeno\/files\/2022\/04\/i2.jpg\" alt=\"\" width=\"33\" height=\"27\" \/>Qui\u00e9n puede acceder<\/a><\/p>\n<p><a title=\"Abrir\" href=\"https:\/\/drive.google.com\/file\/d\/1ta5tTa20ZWCUiGZHYkEbrH7myzVEQX3H\/view?usp=sharing\" target=\"_blank\" rel=\"noopener noreferrer\"><img loading=\"lazy\" decoding=\"async\" class=\"alignnone size-full wp-image-135\" src=\"http:\/\/edublog.educastur.es\/cifpcerdeno\/files\/2022\/04\/i2.jpg\" alt=\"\" width=\"33\" height=\"27\" \/><\/a> <a href=\"https:\/\/drive.google.com\/file\/d\/1r2tg-BloxO6wjW4KUQMg2-u3EZFtsC9v\/view?usp=sharing\" target=\"_blank\" rel=\"noopener\">Unidades de competencia<\/a><\/p>\n<p><a title=\"Abrir\" href=\"https:\/\/drive.google.com\/file\/d\/1U8MvA3uJBRJ6uh6qCrTndFIcTE7AAuer\/view?usp=sharing\" target=\"_blank\" rel=\"noopener noreferrer\"><img loading=\"lazy\" decoding=\"async\" class=\"alignnone size-full wp-image-135\" src=\"http:\/\/edublog.educastur.es\/cifpcerdeno\/files\/2022\/04\/i2.jpg\" alt=\"\" width=\"33\" height=\"27\" \/>Normativa que regula la FCT<\/a><\/p>\n<p><a title=\"Abrir\" href=\"https:\/\/drive.google.com\/file\/d\/154z5Cc0dmzN42QoOauz5icYuVCKM8IiG\/view?usp=sharing\" target=\"_blank\" rel=\"noopener noreferrer\"><img loading=\"lazy\" decoding=\"async\" class=\"alignnone size-full wp-image-135\" src=\"http:\/\/edublog.educastur.es\/cifpcerdeno\/files\/2022\/04\/i2.jpg\" alt=\"\" width=\"33\" height=\"27\" \/>Organizaci\u00f3n y evaluaci\u00f3n de la FP<\/a><\/p>\n<p><img loading=\"lazy\" decoding=\"async\" class=\"alignnone size-medium wp-image-88\" src=\"http:\/\/edublog.educastur.es\/mrol\/files\/2020\/07\/titulo-300x33.jpg\" alt=\"\" width=\"300\" height=\"33\" srcset=\"https:\/\/edublog.educastur.es\/mrol\/files\/2020\/07\/titulo-300x33.jpg 300w, https:\/\/edublog.educastur.es\/mrol\/files\/2020\/07\/titulo.jpg 388w\" sizes=\"auto, (max-width: 300px) 100vw, 300px\" \/><\/p>\n<p><img loading=\"lazy\" decoding=\"async\" class=\"alignnone size-full wp-image-134\" src=\"http:\/\/edublog.educastur.es\/cifpcerdeno\/files\/2022\/04\/11.jpg\" alt=\"\" width=\"50\" height=\"35\" \/> <a title=\"Abrir\" href=\"https:\/\/www.tributasenasturias.es\/stpa\/Ciudadanos+y+Empresas\/Oficina+Virtual\/ch.Confeccion+online.modelo?cc1_modelo=046&amp;pt_modelo=046&amp;pt_nuevaCarga=s&amp;esSiga=N&amp;cc1_accion=C&amp;pt_accion=C\" target=\"_blank\" rel=\"noopener noreferrer\">Confecciona y descarga el impreso 046\u00a0 para ir a pagar o paga \u00abon line\u00bb e imprime<\/a><\/p>\n<p><a title=\"Abrir\" href=\"https:\/\/drive.google.com\/file\/d\/1cf1w8iwS315Z75BTCiImutwXPcu9vbqX\/view?usp=sharing\" target=\"_blank\" rel=\"noopener noreferrer\">Impreso\u00a0 del CIFP para la solicitud del T\u00edtulo<\/a><\/p>\n<p><img loading=\"lazy\" decoding=\"async\" class=\"alignnone size-full wp-image-135\" src=\"http:\/\/edublog.educastur.es\/cifpcerdeno\/files\/2022\/04\/i2.jpg\" alt=\"\" width=\"33\" height=\"27\" \/><a href=\"https:\/\/drive.google.com\/file\/d\/1I3EQDion6_3aZdyIZ1v8x11BlxD4KYSx\/view?usp=drive_link\" target=\"_blank\" rel=\"noopener\">Informaci\u00f3n sobre tasas 2025<\/a>\u00a0 \u00a0 \u00a0 <img loading=\"lazy\" decoding=\"async\" class=\"alignnone size-full wp-image-135\" src=\"http:\/\/edublog.educastur.es\/cifpcerdeno\/files\/2022\/04\/i2.jpg\" alt=\"\" width=\"33\" height=\"27\" \/><a href=\"https:\/\/drive.google.com\/file\/d\/1-FyQkIU9Kwv06AMYZ9gmjW46hXiP-ROI\/view?usp=sharing\" target=\"_blank\" rel=\"noopener\">Detalle del importe a pagar<\/a><\/p>\n<p><img loading=\"lazy\" decoding=\"async\" class=\"alignnone size-full wp-image-135\" src=\"http:\/\/edublog.educastur.es\/cifpcerdeno\/files\/2022\/04\/i2.jpg\" alt=\"\" width=\"33\" height=\"27\" \/> <a title=\"Abrir\" href=\"http:\/\/www.cifpcerdeno.com\/index.php\/documentacion\/doc-publicos-2\/doc-publicos\/doc-publicos-gen\/otros\/secretaria-virtual\/1606-como-cumplimentar-el-modelo-046\/file\" target=\"_blank\" rel=\"noopener noreferrer\">Para rellenar el impreso 046<\/a>\u00a0 \u00a0<img loading=\"lazy\" decoding=\"async\" class=\"alignnone size-full wp-image-135\" src=\"http:\/\/edublog.educastur.es\/cifpcerdeno\/files\/2022\/04\/i2.jpg\" alt=\"\" width=\"33\" height=\"27\" \/><a title=\"Abrir\" href=\"http:\/\/www.cifpcerdeno.com\/index.php\/documentacion\/doc-publicos-2\/doc-publicos\/otros\/secretaria-virtual\/1605-como-conseguir-mi-titulo-de-fp\/file\" target=\"_blank\" rel=\"noopener noreferrer\">Informaci\u00f3n sobre el t\u00edtulo<\/a><\/p>\n<p><a title=\"Abrir\" href=\"https:\/\/drive.google.com\/file\/d\/1cf1w8iwS315Z75BTCiImutwXPcu9vbqX\/view?usp=sharing\" target=\"_blank\" rel=\"noopener noreferrer\">\u00a0<\/a><a href=\"https:\/\/erasmus-plus.ec.europa.eu\/es\/resources-and-tools\/distance-calculator?etrans=es\" target=\"_blank\" rel=\"noopener noreferrer\"><img loading=\"lazy\" decoding=\"async\" class=\"alignnone wp-image-134 size-full\" src=\"http:\/\/edublog.educastur.es\/cifpcerdeno\/files\/2022\/04\/11.jpg\" alt=\"\" width=\"50\" height=\"35\" \/>\u00a0 Calculo de distancias en l\u00ednea recta<\/a><\/p>\n<p><img loading=\"lazy\" decoding=\"async\" class=\"alignnone size-medium wp-image-93\" src=\"http:\/\/edublog.educastur.es\/mrol\/files\/2020\/07\/ecla-300x39.jpg\" alt=\"\" width=\"300\" height=\"39\" srcset=\"https:\/\/edublog.educastur.es\/mrol\/files\/2020\/07\/ecla-300x39.jpg 300w, https:\/\/edublog.educastur.es\/mrol\/files\/2020\/07\/ecla.jpg 368w\" sizes=\"auto, (max-width: 300px) 100vw, 300px\" \/><\/p>\n<p><a href=\"https:\/\/www.empleafp.com\/site\/index.html#\/\" target=\"_blank\" rel=\"noopener noreferrer\"><img loading=\"lazy\" decoding=\"async\" class=\"alignnone wp-image-141\" src=\"http:\/\/edublog.educastur.es\/cifpcerdeno\/files\/2022\/04\/empleafp2-2.jpg\" alt=\"\" width=\"126\" height=\"26\" \/><\/a><a title=\"Abrir\" href=\"https:\/\/www.empleafp.com\/site\/index.html#\/\" target=\"_blank\" rel=\"noopener noreferrer\">Bolsa de empleo<\/a><\/p>\n<p><a href=\"https:\/\/trabajastur.asturias.es\/\" target=\"_blank\" rel=\"noopener\"><img loading=\"lazy\" decoding=\"async\" class=\"alignnone wp-image-143\" src=\"http:\/\/edublog.educastur.es\/cifpcerdeno\/files\/2022\/04\/trabajoastur.jpg\" alt=\"\" width=\"136\" height=\"35\" \/><\/a><\/p>\n<p><img loading=\"lazy\" decoding=\"async\" class=\"alignnone wp-image-140 size-full\" src=\"http:\/\/edublog.educastur.es\/cifpcerdeno\/files\/2022\/04\/cochefct.jpg\" alt=\"\" width=\"40\" height=\"30\" \/>Uso del veh\u00edculo particular<\/p>\n<p><a href=\"https:\/\/incual.educacion.gob.es\/\" target=\"_blank\" rel=\"noopener noreferrer\"><img loading=\"lazy\" decoding=\"async\" class=\"alignnone wp-image-142 size-full\" src=\"http:\/\/edublog.educastur.es\/cifpcerdeno\/files\/2022\/04\/inc-1.jpg\" alt=\"\" width=\"205\" height=\"54\" \/><\/a><br \/>\nP<\/p>\n<div style=\"width: 100%\">\n<div style=\"position: relative;padding-bottom: 56.25%;padding-top: 0;height: 0\"><\/div>\n<\/div>\n","protected":false},"excerpt":{"rendered":"<p>Ficha para recoger los datos.Formaci\u00f3n en empresa \u00a0Recoger Empresas\u00a0 Presentaci\u00f3n Estancia Formativa en Empresa \u00a0 \u00a0Balance\u00a0 semanal seguimiento Normas del CIFP para la FCT Qui\u00e9n puede acceder Unidades de competencia Normativa que regula la FCT Organizaci\u00f3n y evaluaci\u00f3n de la FP Confecciona y descarga el impreso 046\u00a0 para ir a pagar o paga \u00abon line\u00bb [&hellip;]<\/p>\n","protected":false},"author":134,"featured_media":0,"parent":0,"menu_order":5,"comment_status":"closed","ping_status":"closed","template":"","meta":{"footnotes":""},"class_list":["post-84","page","type-page","status-publish","hentry","post-preview"],"_links":{"self":[{"href":"https:\/\/edublog.educastur.es\/mrol\/wp-json\/wp\/v2\/pages\/84","targetHints":{"allow":["GET"]}}],"collection":[{"href":"https:\/\/edublog.educastur.es\/mrol\/wp-json\/wp\/v2\/pages"}],"about":[{"href":"https:\/\/edublog.educastur.es\/mrol\/wp-json\/wp\/v2\/types\/page"}],"author":[{"embeddable":true,"href":"https:\/\/edublog.educastur.es\/mrol\/wp-json\/wp\/v2\/users\/134"}],"replies":[{"embeddable":true,"href":"https:\/\/edublog.educastur.es\/mrol\/wp-json\/wp\/v2\/comments?post=84"}],"version-history":[{"count":38,"href":"https:\/\/edublog.educastur.es\/mrol\/wp-json\/wp\/v2\/pages\/84\/revisions"}],"predecessor-version":[{"id":818,"href":"https:\/\/edublog.educastur.es\/mrol\/wp-json\/wp\/v2\/pages\/84\/revisions\/818"}],"wp:attachment":[{"href":"https:\/\/edublog.educastur.es\/mrol\/wp-json\/wp\/v2\/media?parent=84"}],"curies":[{"name":"wp","href":"https:\/\/api.w.org\/{rel}","templated":true}]}}

<p><img loading="lazy" decoding="async" class="alignnone size-full wp-image-39" src="http://edublog.educastur.es/mrol/files/2020/07/11.jpg" alt="" width="50" height="35" /> <a href="https://docs.google.com/forms/d/e/1FAIpQLSebxVH5VFeFstXi8Ley2eJKLqfuMiXrGQZgwfAERqwa_ydu0A/viewform?usp=preview" target="_blank" rel="noopener">Ficha para recoger los datos.Formación en empresa</a></p>
<p><img loading="lazy" decoding="async" class="alignnone size-full wp-image-206" src="http://edublog.educastur.es/mrol/files/2020/07/lapicero.jpg" alt="" width="40" height="39" />  <a href="https://forms.gle/4nP1UNbtcDe6hq476" target="_blank" rel="noopener">Recoger Empresas </a></p>
<hr />
<p><span style="color: #339966"><a style="color: #339966" href="https://view.genially.com/69b93439b30b7cf750dd3b8a/presentation-efe-2025-2026" target="_blank" rel="noopener"><span style="color: #ff0000"><b>Presentación Estancia Formativa en Empresa</b></span></a></span></p>
<p><img loading="lazy" decoding="async" class="alignnone size-full wp-image-136" src="http://edublog.educastur.es/cifpcerdeno/files/2022/04/i5-1.jpg" alt="" width="33" height="27" />   <a href="https://forms.office.com/Pages/ShareFormPage.aspx?id=O26jiJ_XK0qNtkwG0Jc4Ic82sAvyUyVAppAkQ8yv90pUQlFQV0dYNjdISTlZQUFSWU1QUlIyTlc2NS4u&amp;sharetoken=U46TAwWxl0pEpWxipdWO" target="_blank" rel="noopener">Balance  semanal seguimiento</a></p>
<p><a href="https://drive.google.com/file/d/1QkPQpLSsoepFr34HeBb3gu_X3pho4Okx/view?usp=sharing" target="_blank" rel="noopener"><img loading="lazy" decoding="async" class="alignnone size-full wp-image-136" src="http://edublog.educastur.es/cifpcerdeno/files/2022/04/i5-1.jpg" alt="" width="33" height="27" /></a><a href="https://drive.google.com/file/d/1QkPQpLSsoepFr34HeBb3gu_X3pho4Okx/view?usp=sharing" target="_blank" rel="noopener">Normas del CIFP para la FCT</a></p>
<p><img loading="lazy" decoding="async" class="alignnone size-medium wp-image-95" src="http://edublog.educastur.es/mrol/files/2020/07/regu-300x38.jpg" alt="" width="300" height="38" srcset="https://edublog.educastur.es/mrol/files/2020/07/regu-300x38.jpg 300w, https://edublog.educastur.es/mrol/files/2020/07/regu.jpg 393w" sizes="auto, (max-width: 300px) 100vw, 300px" /></p>
<p><a title="Abrir" href="https://drive.google.com/file/d/1ta5tTa20ZWCUiGZHYkEbrH7myzVEQX3H/view?usp=sharing" target="_blank" rel="noopener noreferrer"><img loading="lazy" decoding="async" class="alignnone size-full wp-image-135" src="http://edublog.educastur.es/cifpcerdeno/files/2022/04/i2.jpg" alt="" width="33" height="27" />Quién puede acceder</a></p>
<p><a title="Abrir" href="https://drive.google.com/file/d/1ta5tTa20ZWCUiGZHYkEbrH7myzVEQX3H/view?usp=sharing" target="_blank" rel="noopener noreferrer"><img loading="lazy" decoding="async" class="alignnone size-full wp-image-135" src="http://edublog.educastur.es/cifpcerdeno/files/2022/04/i2.jpg" alt="" width="33" height="27" /></a> <a href="https://drive.google.com/file/d/1r2tg-BloxO6wjW4KUQMg2-u3EZFtsC9v/view?usp=sharing" target="_blank" rel="noopener">Unidades de competencia</a></p>
<p><a title="Abrir" href="https://drive.google.com/file/d/1U8MvA3uJBRJ6uh6qCrTndFIcTE7AAuer/view?usp=sharing" target="_blank" rel="noopener noreferrer"><img loading="lazy" decoding="async" class="alignnone size-full wp-image-135" src="http://edublog.educastur.es/cifpcerdeno/files/2022/04/i2.jpg" alt="" width="33" height="27" />Normativa que regula la FCT</a></p>
<p><a title="Abrir" href="https://drive.google.com/file/d/154z5Cc0dmzN42QoOauz5icYuVCKM8IiG/view?usp=sharing" target="_blank" rel="noopener noreferrer"><img loading="lazy" decoding="async" class="alignnone size-full wp-image-135" src="http://edublog.educastur.es/cifpcerdeno/files/2022/04/i2.jpg" alt="" width="33" height="27" />Organización y evaluación de la FP</a></p>
<p><img loading="lazy" decoding="async" class="alignnone size-medium wp-image-88" src="http://edublog.educastur.es/mrol/files/2020/07/titulo-300x33.jpg" alt="" width="300" height="33" srcset="https://edublog.educastur.es/mrol/files/2020/07/titulo-300x33.jpg 300w, https://edublog.educastur.es/mrol/files/2020/07/titulo.jpg 388w" sizes="auto, (max-width: 300px) 100vw, 300px" /></p>
<p><img loading="lazy" decoding="async" class="alignnone size-full wp-image-134" src="http://edublog.educastur.es/cifpcerdeno/files/2022/04/11.jpg" alt="" width="50" height="35" /> <a title="Abrir" href="https://www.tributasenasturias.es/stpa/Ciudadanos+y+Empresas/Oficina+Virtual/ch.Confeccion+online.modelo?cc1_modelo=046&amp;pt_modelo=046&amp;pt_nuevaCarga=s&amp;esSiga=N&amp;cc1_accion=C&amp;pt_accion=C" target="_blank" rel="noopener noreferrer">Confecciona y descarga el impreso 046  para ir a pagar o paga «on line» e imprime</a></p>
<p><a title="Abrir" href="https://drive.google.com/file/d/1cf1w8iwS315Z75BTCiImutwXPcu9vbqX/view?usp=sharing" target="_blank" rel="noopener noreferrer">Impreso  del CIFP para la solicitud del Título</a></p>
<p><img loading="lazy" decoding="async" class="alignnone size-full wp-image-135" src="http://edublog.educastur.es/cifpcerdeno/files/2022/04/i2.jpg" alt="" width="33" height="27" /><a href="https://drive.google.com/file/d/1I3EQDion6_3aZdyIZ1v8x11BlxD4KYSx/view?usp=drive_link" target="_blank" rel="noopener">Información sobre tasas 2025</a>      <img loading="lazy" decoding="async" class="alignnone size-full wp-image-135" src="http://edublog.educastur.es/cifpcerdeno/files/2022/04/i2.jpg" alt="" width="33" height="27" /><a href="https://drive.google.com/file/d/1-FyQkIU9Kwv06AMYZ9gmjW46hXiP-ROI/view?usp=sharing" target="_blank" rel="noopener">Detalle del importe a pagar</a></p>
<p><img loading="lazy" decoding="async" class="alignnone size-full wp-image-135" src="http://edublog.educastur.es/cifpcerdeno/files/2022/04/i2.jpg" alt="" width="33" height="27" /> <a title="Abrir" href="http://www.cifpcerdeno.com/index.php/documentacion/doc-publicos-2/doc-publicos/doc-publicos-gen/otros/secretaria-virtual/1606-como-cumplimentar-el-modelo-046/file" target="_blank" rel="noopener noreferrer">Para rellenar el impreso 046</a>   <img loading="lazy" decoding="async" class="alignnone size-full wp-image-135" src="http://edublog.educastur.es/cifpcerdeno/files/2022/04/i2.jpg" alt="" width="33" height="27" /><a title="Abrir" href="http://www.cifpcerdeno.com/index.php/documentacion/doc-publicos-2/doc-publicos/otros/secretaria-virtual/1605-como-conseguir-mi-titulo-de-fp/file" target="_blank" rel="noopener noreferrer">Información sobre el título</a></p>
<p><a title="Abrir" href="https://drive.google.com/file/d/1cf1w8iwS315Z75BTCiImutwXPcu9vbqX/view?usp=sharing" target="_blank" rel="noopener noreferrer"> </a><a href="https://erasmus-plus.ec.europa.eu/es/resources-and-tools/distance-calculator?etrans=es" target="_blank" rel="noopener noreferrer"><img loading="lazy" decoding="async" class="alignnone wp-image-134 size-full" src="http://edublog.educastur.es/cifpcerdeno/files/2022/04/11.jpg" alt="" width="50" height="35" />  Calculo de distancias en línea recta</a></p>
<p><img loading="lazy" decoding="async" class="alignnone size-medium wp-image-93" src="http://edublog.educastur.es/mrol/files/2020/07/ecla-300x39.jpg" alt="" width="300" height="39" srcset="https://edublog.educastur.es/mrol/files/2020/07/ecla-300x39.jpg 300w, https://edublog.educastur.es/mrol/files/2020/07/ecla.jpg 368w" sizes="auto, (max-width: 300px) 100vw, 300px" /></p>
<p><a href="https://www.empleafp.com/site/index.html#/" target="_blank" rel="noopener noreferrer"><img loading="lazy" decoding="async" class="alignnone wp-image-141" src="http://edublog.educastur.es/cifpcerdeno/files/2022/04/empleafp2-2.jpg" alt="" width="126" height="26" /></a><a title="Abrir" href="https://www.empleafp.com/site/index.html#/" target="_blank" rel="noopener noreferrer">Bolsa de empleo</a></p>
<p><a href="https://trabajastur.asturias.es/" target="_blank" rel="noopener"><img loading="lazy" decoding="async" class="alignnone wp-image-143" src="http://edublog.educastur.es/cifpcerdeno/files/2022/04/trabajoastur.jpg" alt="" width="136" height="35" /></a></p>
<p><img loading="lazy" decoding="async" class="alignnone wp-image-140 size-full" src="http://edublog.educastur.es/cifpcerdeno/files/2022/04/cochefct.jpg" alt="" width="40" height="30" />Uso del vehículo particular</p>
<p><a href="https://incual.educacion.gob.es/" target="_blank" rel="noopener noreferrer"><img loading="lazy" decoding="async" class="alignnone wp-image-142 size-full" src="http://edublog.educastur.es/cifpcerdeno/files/2022/04/inc-1.jpg" alt="" width="205" height="54" /></a><br />
P</p>
<div style="width: 100%">
<div style="position: relative;padding-bottom: 56.25%;padding-top: 0;height: 0"></div>
</div>

<p>Ficha para recoger los datos.Formación en empresa  Recoger Empresas  Presentación Estancia Formativa en Empresa    Balance  semanal seguimiento Normas del CIFP para la FCT Quién puede acceder Unidades de competencia Normativa que regula la FCT Organización y evaluación de la FP Confecciona y descarga el impreso 046  para ir a pagar o paga «on line» [&hellip;]</p>
