{"id":294,"date":"2020-12-20T20:43:29","date_gmt":"2020-12-20T20:43:29","guid":{"rendered":"https:\/\/edublog.educastur.es\/musicabaudilio\/?page_id=294"},"modified":"2023-06-22T18:36:07","modified_gmt":"2023-06-22T18:36:07","slug":"videos-alumnado","status":"publish","type":"page","link":"https:\/\/edublog.educastur.es\/musicabaudilio\/videos-alumnado\/","title":{"rendered":"V\u00eddeos del alumnado"},"content":{"rendered":"<p>Para despedir el primer trimestre del<span style=\"color: #ff0000\"> <strong><span style=\"font-size: 18pt\">curso 2020\/2021<\/span><\/strong><\/span>, os muestro algunos de los trabajos. Me siento muy afortunada de poder vivir la m\u00fasica con vosotros y vosotras.<\/p>\n<p>Para acceder a los v\u00eddeos deb\u00e9is <span style=\"color: #ff0000\"><strong>iniciar sesi\u00f3n con la cuenta educativa de Office 365.<\/strong><\/span><\/p>\n\n<!-- iframe plugin v.6.0 wordpress.org\/plugins\/iframe\/ -->\n<iframe loading=\"lazy\" width=\"100%\" height=\"450\" src=\"https:\/\/web.microsoftstream.com\/embed\/video\/546c4c24-e81c-424b-8efb-25f07bccde5d?autoplay=false&#038;showinfo=true\" scrolling=\"yes\" class=\"iframe-class\" frameborder=\"0\"><\/iframe>\n\n\n<!-- iframe plugin v.6.0 wordpress.org\/plugins\/iframe\/ -->\n<iframe loading=\"lazy\" width=\"100%\" height=\"450\" src=\"https:\/\/web.microsoftstream.com\/embed\/video\/51f1c618-5ec7-4010-b8f1-2f3d75e918f6?autoplay=false&#038;showinfo=true\" scrolling=\"yes\" class=\"iframe-class\" frameborder=\"0\"><\/iframe>\n\n<h3>Para despedir el <span style=\"color: #ff0000\"><strong>curso 2021\/2022<\/strong><\/span>, os dejo algunos de los trabajos del alumnado.<\/h3>\n\n<!-- iframe plugin v.6.0 wordpress.org\/plugins\/iframe\/ -->\n<iframe loading=\"lazy\" width=\"100%\" height=\"450\" src=\"https:\/\/web.microsoftstream.com\/embed\/video\/c9070726-6436-4cfc-a9a8-568b6e89b868?autoplay=false&#038;showinfo=true\" scrolling=\"yes\" class=\"iframe-class\" frameborder=\"0\"><\/iframe>\n\n\n<!-- iframe plugin v.6.0 wordpress.org\/plugins\/iframe\/ -->\n<iframe loading=\"lazy\" width=\"100%\" height=\"450\" src=\"https:\/\/web.microsoftstream.com\/embed\/video\/6ed6089f-d34c-47a8-a086-50a8482e0fe9?autoplay=false&#038;showinfo=true\" scrolling=\"yes\" class=\"iframe-class\" frameborder=\"0\"><\/iframe>\n\n\n<!-- iframe plugin v.6.0 wordpress.org\/plugins\/iframe\/ -->\n<iframe loading=\"lazy\" width=\"100%\" height=\"450\" src=\"https:\/\/web.microsoftstream.com\/embed\/video\/d6a4a5a1-b8ed-4547-a810-e7e303a0e3e7?autoplay=false&#038;showinfo=true\" scrolling=\"yes\" class=\"iframe-class\" frameborder=\"0\"><\/iframe>\n\n<p style=\"text-align: justify\"><span style=\"font-size: 18pt\">Como <strong>despedida<\/strong> del <span style=\"color: #ff0000\">curso 2022\/2023<\/span> grabamos este peque\u00f1o resumen. Se accede con la cuenta<strong> educativa de Office 36.<\/strong><\/span><\/p>\n\n<!-- iframe plugin v.6.0 wordpress.org\/plugins\/iframe\/ -->\n<iframe loading=\"lazy\" src=\"https:\/\/educastur-my.sharepoint.com\/personal\/mestherbp_educastur_org\/_layouts\/15\/embed.aspx?UniqueId=b35ebde7-4896-47a3-8c77-e9c972068810&#038;embed=%7B%22ust%22%3Atrue%7D&#038;referrer=StreamWebApp&#038;referrerScenario=EmbedDialog.Create\" width=\"640\" height=\"360\" 0=\"frameborder\" scrolling=\"yes\" class=\"iframe-class\" frameborder=\"0\"><\/iframe>\n\n\n<!-- iframe plugin v.6.0 wordpress.org\/plugins\/iframe\/ -->\n<iframe loading=\"lazy\" src=\"https:\/\/educastur-my.sharepoint.com\/personal\/mestherbp_educastur_org\/_layouts\/15\/embed.aspx?UniqueId=6bd61c4d-4780-4065-8bad-23e64c8e9521&#038;embed=%7B%22ust%22%3Atrue%2C%22hv%22%3A%22CopyEmbedCode%22%7D&#038;referrer=StreamWebApp&#038;referrerScenario=EmbedDialog.Create\" width=\"640\" height=\"360\" 0=\"frameborder\" scrolling=\"yes\" class=\"iframe-class\" frameborder=\"0\"><\/iframe>\n\n\n<!-- iframe plugin v.6.0 wordpress.org\/plugins\/iframe\/ -->\n<iframe loading=\"lazy\" src=\"https:\/\/educastur-my.sharepoint.com\/personal\/mestherbp_educastur_org\/_layouts\/15\/embed.aspx?UniqueId=a812d7e7-b449-416b-98fd-b4c92c7d4606&#038;embed=%7B%22ust%22%3Atrue%2C%22hv%22%3A%22CopyEmbedCode%22%7D&#038;referrer=StreamWebApp&#038;referrerScenario=EmbedDialog.Create\" width=\"640\" height=\"360\" 0=\"frameborder\" scrolling=\"yes\" class=\"iframe-class\" frameborder=\"0\"><\/iframe>\n\n","protected":false},"excerpt":{"rendered":"<p>Para despedir el primer trimestre del curso 2020\/2021, os muestro algunos de los trabajos. Me siento muy afortunada de poder vivir la m\u00fasica con vosotros y vosotras. Para acceder a los v\u00eddeos deb\u00e9is iniciar sesi\u00f3n con la cuenta educativa de&#8230; <a class=\"more-link\" href=\"https:\/\/edublog.educastur.es\/musicabaudilio\/videos-alumnado\/\">Seguir leyendo &rarr;<\/a><\/p>\n","protected":false},"author":590,"featured_media":0,"parent":0,"menu_order":0,"comment_status":"closed","ping_status":"closed","template":"","meta":{"footnotes":""},"class_list":["post-294","page","type-page","status-publish","hentry"],"_links":{"self":[{"href":"https:\/\/edublog.educastur.es\/musicabaudilio\/wp-json\/wp\/v2\/pages\/294","targetHints":{"allow":["GET"]}}],"collection":[{"href":"https:\/\/edublog.educastur.es\/musicabaudilio\/wp-json\/wp\/v2\/pages"}],"about":[{"href":"https:\/\/edublog.educastur.es\/musicabaudilio\/wp-json\/wp\/v2\/types\/page"}],"author":[{"embeddable":true,"href":"https:\/\/edublog.educastur.es\/musicabaudilio\/wp-json\/wp\/v2\/users\/590"}],"replies":[{"embeddable":true,"href":"https:\/\/edublog.educastur.es\/musicabaudilio\/wp-json\/wp\/v2\/comments?post=294"}],"version-history":[{"count":24,"href":"https:\/\/edublog.educastur.es\/musicabaudilio\/wp-json\/wp\/v2\/pages\/294\/revisions"}],"predecessor-version":[{"id":3149,"href":"https:\/\/edublog.educastur.es\/musicabaudilio\/wp-json\/wp\/v2\/pages\/294\/revisions\/3149"}],"wp:attachment":[{"href":"https:\/\/edublog.educastur.es\/musicabaudilio\/wp-json\/wp\/v2\/media?parent=294"}],"curies":[{"name":"wp","href":"https:\/\/api.w.org\/{rel}","templated":true}]}}