{"id":555,"date":"2021-02-07T17:19:50","date_gmt":"2021-02-07T17:19:50","guid":{"rendered":"https:\/\/edublog.educastur.es\/musicabaudilio\/?page_id=555"},"modified":"2022-09-04T11:31:35","modified_gmt":"2022-09-04T11:31:35","slug":"acerca-de","status":"publish","type":"page","link":"https:\/\/edublog.educastur.es\/musicabaudilio\/acerca-de\/","title":{"rendered":"Acerca de"},"content":{"rendered":"<p style=\"text-align: justify\">Bienvenido y bienvenida a este nuevo espacio del CP Baudilio Arce de Oviedo. El blog te servir\u00e1 para tener siempre a mano las tareas trabajadas en el aula. En las <strong>entradas<\/strong> hallar\u00e1s v\u00eddeos, audios y juegos que te permitir\u00e1n repasar y afianzar lo aprendido.<\/p>\n<p style=\"text-align: justify\">Espero que te ayude a disfrutar y\u00a0 planificar bien tus tareas.<\/p>\n","protected":false},"excerpt":{"rendered":"<p>Bienvenido y bienvenida a este nuevo espacio del CP Baudilio Arce de Oviedo. El blog te servir\u00e1 para tener siempre a mano las tareas trabajadas en el aula. En las entradas hallar\u00e1s v\u00eddeos, audios y juegos que te permitir\u00e1n repasar&#8230; <a class=\"more-link\" href=\"https:\/\/edublog.educastur.es\/musicabaudilio\/acerca-de\/\">Seguir leyendo &rarr;<\/a><\/p>\n","protected":false},"author":590,"featured_media":0,"parent":0,"menu_order":0,"comment_status":"closed","ping_status":"closed","template":"","meta":{"footnotes":""},"class_list":["post-555","page","type-page","status-publish","hentry"],"_links":{"self":[{"href":"https:\/\/edublog.educastur.es\/musicabaudilio\/wp-json\/wp\/v2\/pages\/555","targetHints":{"allow":["GET"]}}],"collection":[{"href":"https:\/\/edublog.educastur.es\/musicabaudilio\/wp-json\/wp\/v2\/pages"}],"about":[{"href":"https:\/\/edublog.educastur.es\/musicabaudilio\/wp-json\/wp\/v2\/types\/page"}],"author":[{"embeddable":true,"href":"https:\/\/edublog.educastur.es\/musicabaudilio\/wp-json\/wp\/v2\/users\/590"}],"replies":[{"embeddable":true,"href":"https:\/\/edublog.educastur.es\/musicabaudilio\/wp-json\/wp\/v2\/comments?post=555"}],"version-history":[{"count":11,"href":"https:\/\/edublog.educastur.es\/musicabaudilio\/wp-json\/wp\/v2\/pages\/555\/revisions"}],"predecessor-version":[{"id":2880,"href":"https:\/\/edublog.educastur.es\/musicabaudilio\/wp-json\/wp\/v2\/pages\/555\/revisions\/2880"}],"wp:attachment":[{"href":"https:\/\/edublog.educastur.es\/musicabaudilio\/wp-json\/wp\/v2\/media?parent=555"}],"curies":[{"name":"wp","href":"https:\/\/api.w.org\/{rel}","templated":true}]}}