{"id":309,"date":"2020-12-05T20:05:15","date_gmt":"2020-12-05T20:05:15","guid":{"rendered":"https:\/\/edublog.educastur.es\/online\/?page_id=309"},"modified":"2020-12-05T20:05:25","modified_gmt":"2020-12-05T20:05:25","slug":"herramientas","status":"publish","type":"page","link":"https:\/\/edublog.educastur.es\/online\/herramientas-web\/trabajo-remoto\/herramientas\/","title":{"rendered":"Herramientas"},"content":{"rendered":"<ul>\n<li><a href=\"https:\/\/clivobot.com\/blog\/herramientas-de-trabajo-remoto\">Fuente<\/a><\/li>\n<\/ul>\n<div class=\"elementor-element elementor-element-2f1aeb5f elementor-widget elementor-widget-text-editor\" data-id=\"2f1aeb5f\" data-element_type=\"widget\" data-widget_type=\"text-editor.default\">\n<div class=\"elementor-widget-container\">\n<div class=\"elementor-text-editor elementor-clearfix\">\n<p><em><span style=\"font-size: 18pt;color: #008080\"><strong>1. Comunicaci\u00f3n<\/strong><\/span><\/em><\/p>\n<p>Una de las partes fundamentales es que el equipo tenga comunicaci\u00f3n o un espacio en el cual pueden estar hablando entre ellos para dar seguimiento a los proyecto, resolver dudas, informar errores, entre otras cosas.<\/p>\n<p>Para ellos tenemos distintas herramientas que pueden dar soluci\u00f3n a este punto, con distintas caracter\u00edsticas en este caso nos centraremos en 2 Slack y Discord.<\/p>\n<ul>\n<li><a href=\"https:\/\/slack.com\/intl\/es-mx\/\" target=\"_blank\" rel=\"noopener noreferrer\"><em><strong>Slack<\/strong><\/em><\/a><\/li>\n<\/ul>\n<p>Herramienta que a reemplazado al envi\u00f3 de correos institucional es de las mejores en esta \u00e1rea y de las m\u00e1s usadas por un gran n\u00famero de empresas o organizaciones, puedes abrir una gran cantidad de canales para mantener un a un grupo de personas informadas sin tener que estar informando por separado a cada uno.<br \/>\nComo mencionamos es una de las herramientas m\u00e1s usadas centrada principalmente en la comunicaci\u00f3n escrita teniendo como un gran plus su vasta cantidad de integraciones con herramientas que resuelven diversos problemas.<br \/>\nUn punto negativo es que si solo se cuenta con la capa gratuita se tiene un n\u00famero limitado de mensajes que la plataforma va a mantener.<\/p>\n<ul>\n<li><a href=\"https:\/\/discordapp.com\/\" target=\"_blank\" rel=\"noopener noreferrer\"><em><strong>Discord<\/strong><\/em><\/a><\/li>\n<\/ul>\n<p>Discord al igual que slack da soporte a la comunicaci\u00f3n escrita y puedes tener distintos canales para informar igual que varias integraci\u00f3n con herramientas de terceros (No tantas como slack) pero discord da soporte tambi\u00e9n a la comunicaci\u00f3n por voz y video.<\/p>\n<\/div>\n<\/div>\n<\/div>\n<div class=\"elementor-element elementor-element-11f38509 elementor-widget elementor-widget-text-editor\" data-id=\"11f38509\" data-element_type=\"widget\" data-widget_type=\"text-editor.default\">\n<div class=\"elementor-widget-container\">\n<div class=\"elementor-text-editor elementor-clearfix\">\n<p><em><span style=\"font-size: 18pt;color: #008080\"><strong>2. Notas<\/strong><\/span><\/em><\/p>\n<p>Contar con una herramienta que te permita poder dar las instrucciones de alguna funcionalidad o solo usarla para bajar tus ideas puede ser algo muy \u00fatil.<\/p>\n<ul>\n<li><a href=\"https:\/\/evernote.com\/intl\/es-latam\/\" target=\"_blank\" rel=\"noopener noreferrer\"><em><strong>Evernote\u00a0<\/strong><\/em><\/a><\/li>\n<\/ul>\n<p>Es un servicio online que te permite guardar y organizar notas de texto, PDFs, notas de voz, im\u00e1genes, entre otras, usando adecuadamente Evernote junto con tu equipo puede llevar a la productividad hasta las nubes ya que deja trabajar en las mismas notas de formas colaborativas vincular su nota con otras notas escritas, permitiendo vincular ideas sin tener que hacer notas muy extenso lo que se escribe o poder desarrollar puntos en espec\u00edfico.<\/p>\n<ul>\n<li><a href=\"https:\/\/www.google.com\/docs\/about\/\" target=\"_blank\" rel=\"noopener noreferrer\"><em><strong>Google Docs\u00a0<\/strong><\/em><\/a><\/li>\n<\/ul>\n<p>Google Docs es solo una de las herramientas que Google tiene en su paqueter\u00eda de Office solo que este nos deja literalmente trabajar m\u00e1s de una persona al mismo tiempo en el documento que se est\u00e9 escribiendo, permite poder dejar comentarios en secciones del texto, cuenta con un chat y entre todas sus funcionalidades una poco conocida es poder acceder al historial de los cambios que se realizan.<\/p>\n<\/div>\n<\/div>\n<\/div>\n<div class=\"elementor-element elementor-element-1f882ce5 elementor-widget elementor-widget-image\" data-id=\"1f882ce5\" data-element_type=\"widget\" data-widget_type=\"image.default\">\n<div class=\"elementor-widget-container\">\n<div class=\"elementor-image\"><\/div>\n<\/div>\n<\/div>\n<div class=\"elementor-element elementor-element-3e33f02e elementor-widget elementor-widget-text-editor\" data-id=\"3e33f02e\" data-element_type=\"widget\" data-widget_type=\"text-editor.default\">\n<div class=\"elementor-widget-container\">\n<div class=\"elementor-text-editor elementor-clearfix\">\n<p><span style=\"color: #008080\"><em><span style=\"font-size: 18pt\"><strong>3. Seguimiento<\/strong><\/span><\/em><\/span><\/p>\n<p>Dar un seguimiento a las actividades y poder definir cu\u00e1les son las prioridades de una organizaci\u00f3n puede ser una gran herramienta, igual que saber que de tu trabajo depende otro o otros compa\u00f1eros para realizar el suyo ahorra estr\u00e9s y dolores de cabeza.<\/p>\n<ul>\n<li><a href=\"https:\/\/monday.com\/\" target=\"_blank\" rel=\"noopener noreferrer\"><em><strong>Monday<\/strong><\/em><\/a><\/li>\n<\/ul>\n<p>Una herramienta que ya cuenta con 8 a\u00f1os de experiencia ya que fue presentada en el lejano 2012 es una herramienta que permite a las organizaciones crear flujos de trabajo, estatus de pendientes y procesos de proyectos y a trabajos cotidianos.<\/p>\n<p>Una de las populares funciones de Monday es su API que permite integrar la herramienta con otras aplicaciones creadas por terceros o con las propios. Recibi\u00f3 una actualizaci\u00f3n en su v2 que ahora est\u00e1 basada en GraphQL.<\/p>\n<ul>\n<li><a href=\"https:\/\/asana.com\/es\" target=\"_blank\" rel=\"noopener noreferrer\"><em><strong>Asana<\/strong><\/em><\/a><\/li>\n<\/ul>\n<p>Igual que la herramienta anterior Asana permite planificar y estructurar el trabajo, estableciendo prioridades y fechas l\u00edmites. Comparte detalles y asigna tareas.<\/p>\n<p>Una de las popularidades de Asana se debe a su API basada en REST que permite una gran cantidad de integraciones facilitando su uso con herramientas de terceros. Ejemplo Slack ?<\/p>\n<p><em><span style=\"font-size: 18pt;color: #008080\"><strong>4. Enfoque<\/strong><\/span><\/em><\/p>\n<p>En mi <a href=\"https:\/\/clivobot.com\/blog\/home-office-for-dummies\" target=\"_blank\" rel=\"noopener noreferrer\"><em>nota pasada<\/em><\/a> hablaba de la t\u00e9cnica pomodoro, que es usada para enfocarse por un tiempo definido solo en una actividad en especial, tener un descanso y volver a enfocarte eso se puede hacer con un simple temporizador pero existen herramientas que no solo se centran en la gesti\u00f3n de tiempo dando extras que pueden ser muy interesantes.<\/p>\n<ul>\n<li><a href=\"https:\/\/www.forestapp.cc\/\" target=\"_blank\" rel=\"noopener noreferrer\"><em><strong>Forest\u00a0<\/strong><\/em><\/a><\/li>\n<\/ul>\n<p>\u201cForest es una aplicaci\u00f3n que te ayuda a dejar tu tel\u00e9fono y concentrarte en lo que m\u00e1s tu vida.\u201d \u2013 Texto extra\u00eddo de su p\u00e1gina web<\/p>\n<p>Forest es como un juego que cuando inicias plantas un \u00e1rbol, ese \u00e1rbol crecer\u00e1 durante 30 minutos pero dejas esa app el \u00e1rbol se secar\u00e1 y morir\u00e1. Maneja de una forma divertida el centrarte solo en una actividad hasta que la termines dando como resultado poder tener un bosque. Un dato curioso es que est\u00e1n asociados con una organizaci\u00f3n que planta \u00e1rboles reales.<\/p>\n<ul>\n<li><a href=\"https:\/\/setapp.com\/es\/apps\/be-focused\" target=\"_blank\" rel=\"noopener noreferrer\"><em><strong>Be Focused<\/strong><\/em><\/a><\/li>\n<\/ul>\n<p>Be Focused es un planificador de tareas discreto con temporizador incorporado. No solo ayuda a mantenerse enfocado en la tarea, sino que tambi\u00e9n le permite realizar un seguimiento de su proyecto y obtener nuevos conocimientos sobre su flujo de trabajo.<\/p>\n<p><span style=\"font-size: 18pt;color: #008080\"><em><strong>5. Almacenamiento<\/strong><\/em><\/span><\/p>\n<p>Olv\u00eddate de estar pidiendo USB que en home offices es algo muy dif\u00edcil o de agregar archivos a tus correos y encontrarte con los l\u00edmites cuando el archivo es muy pesado con estas herramientas solo la instalas y lo que agregues ya estar\u00e1 en tu computadora o en las de tus compa\u00f1eros de trabajo.<\/p>\n<ul>\n<li><a href=\"https:\/\/www.google.com\/drive\/\" target=\"_blank\" rel=\"noopener noreferrer\"><em><strong>Google Drive<\/strong><\/em><\/a><\/li>\n<\/ul>\n<p>Uno de los productos de Google permitiendo una gran integraci\u00f3n con gmail o con Gsuite igual que cuenta con su propia paqueteria de office permitiendo la edici\u00f3n de documentos en cualquier navegador. Si ten\u00e9is una cuenta de gmail ya tienes tu cuenta de Drive.<\/p>\n<ul>\n<li><a href=\"https:\/\/www.dropbox.com\/\" target=\"_blank\" rel=\"noopener noreferrer\"><em><strong>DropBox<\/strong><\/em><\/a><\/li>\n<\/ul>\n<p>Es un espacio de trabajo en la nube siendo una de las herramientas m\u00e1s antiguas en este rubro tiene mucho camino recorrido y a mejorado su producto permitiendo algo tan simple como solo tener tus archivos en la nube a poder acceder a ellos, compartirlos tener actualizado en distintas m\u00e1quinas o espacios de trabajo.<\/p>\n<\/div>\n<\/div>\n<\/div>\n<div class=\"elementor-element elementor-element-1639b17c elementor-widget elementor-widget-text-editor\" data-id=\"1639b17c\" data-element_type=\"widget\" data-widget_type=\"text-editor.default\">\n<div class=\"elementor-widget-container\">\n<div class=\"elementor-text-editor elementor-clearfix\">\n<p>&nbsp;<\/p>\n<\/div>\n<\/div>\n<\/div>\n","protected":false},"excerpt":{"rendered":"<p>Fuente 1. Comunicaci\u00f3n Una de las partes fundamentales es que el equipo tenga comunicaci\u00f3n o un espacio en el cual pueden estar hablando entre ellos para dar seguimiento a los proyecto, resolver dudas, informar errores, entre otras cosas. Para ellos tenemos distintas herramientas que pueden dar soluci\u00f3n a este punto, con distintas caracter\u00edsticas en este [&hellip;]<\/p>\n","protected":false},"author":117,"featured_media":0,"parent":252,"menu_order":0,"comment_status":"closed","ping_status":"closed","template":"","meta":{"footnotes":""},"class_list":["post-309","page","type-page","status-publish","hentry"],"_links":{"self":[{"href":"https:\/\/edublog.educastur.es\/online\/wp-json\/wp\/v2\/pages\/309","targetHints":{"allow":["GET"]}}],"collection":[{"href":"https:\/\/edublog.educastur.es\/online\/wp-json\/wp\/v2\/pages"}],"about":[{"href":"https:\/\/edublog.educastur.es\/online\/wp-json\/wp\/v2\/types\/page"}],"author":[{"embeddable":true,"href":"https:\/\/edublog.educastur.es\/online\/wp-json\/wp\/v2\/users\/117"}],"replies":[{"embeddable":true,"href":"https:\/\/edublog.educastur.es\/online\/wp-json\/wp\/v2\/comments?post=309"}],"version-history":[{"count":1,"href":"https:\/\/edublog.educastur.es\/online\/wp-json\/wp\/v2\/pages\/309\/revisions"}],"predecessor-version":[{"id":310,"href":"https:\/\/edublog.educastur.es\/online\/wp-json\/wp\/v2\/pages\/309\/revisions\/310"}],"up":[{"embeddable":true,"href":"https:\/\/edublog.educastur.es\/online\/wp-json\/wp\/v2\/pages\/252"}],"wp:attachment":[{"href":"https:\/\/edublog.educastur.es\/online\/wp-json\/wp\/v2\/media?parent=309"}],"curies":[{"name":"wp","href":"https:\/\/api.w.org\/{rel}","templated":true}]}}