{"id":426,"date":"2021-01-11T17:56:32","date_gmt":"2021-01-11T17:56:32","guid":{"rendered":"https:\/\/edublog.educastur.es\/orientecostacientifico\/?page_id=426"},"modified":"2021-01-12T17:38:27","modified_gmt":"2021-01-12T17:38:27","slug":"capitulo-1-ecologia-biosfera-ecosistema-y-ecosfera-el-ecosistema-y-sus-componentes","status":"publish","type":"page","link":"https:\/\/edublog.educastur.es\/orientecostacientifico\/ambito-cientifico-tecnologico-cepa-oriente-costa\/capitulo-1-ecologia-biosfera-ecosistema-y-ecosfera-el-ecosistema-y-sus-componentes\/","title":{"rendered":"Cap\u00edtulo 1. Ecolog\u00eda, biosfera, ecosistema y ecosfera. El ecosistema y sus componentes."},"content":{"rendered":"<p><strong>LA CIENCIA ECOL\u00d3GICA<\/strong><\/p>\n<p>El t\u00e9rmino ecolog\u00eda (del griego <strong>oikos<\/strong>, casa y <strong>logos<\/strong>, ciencia o tratado) fue creado por el naturalista alem\u00e1n Ernst Haeckel para nombrar la parte de la biolog\u00eda que se ocupaba del estudio de las relaciones de los seres vivos con su h\u00e1bitat. La ecolog\u00eda estudia c\u00f3mo funciona la \u201ccasa de los seres vivos\u201d, es decir, <em>las condiciones<\/em> <em>ambientales en que viven y las relaciones que establecen entre ellos y con su medio ambiente.<\/em><\/p>\n<p>En la actualidad la ecolog\u00eda es una ciencia que tiene como principal objetivo estudiar <em>el<\/em> <em>impacto que tienen las actividades humanas, especialmente la tecnolog\u00eda, sobre los ecosistemas terrestres y, en general, sobre la biosfera.<\/em><\/p>\n<p>La biosfera (del griego bios, vida y sphaira, esfera) es la \u201cenvoltura viva\u201d de la Tierra.<\/p>\n<p>La biosfera est\u00e1 integrada por todos los seres vivos que habitan en:<\/p>\n<ul>\n<li>La hidrosfera: mares, oc\u00e9anos y aguas continentales.<\/li>\n<li>La zona m\u00e1s superficial de la litosfera.<\/li>\n<li>La capa inferior de la atm\u00f3sfera: la troposfera, de unos 13 km de espesor.<\/li>\n<\/ul>\n<p><img loading=\"lazy\" decoding=\"async\" class=\"aligncenter size-full wp-image-433\" src=\"http:\/\/edublog.educastur.es\/orientecostacientifico\/files\/2021\/01\/Bioesfera.jpg\" alt=\"\" width=\"602\" height=\"205\" srcset=\"https:\/\/edublog.educastur.es\/orientecostacientifico\/files\/2021\/01\/Bioesfera.jpg 602w, https:\/\/edublog.educastur.es\/orientecostacientifico\/files\/2021\/01\/Bioesfera-300x102.jpg 300w\" sizes=\"auto, (max-width: 602px) 100vw, 602px\" \/><\/p>\n<p><em>Los <strong>individuos<\/strong> de una misma especie <\/em>forman una <strong>poblaci\u00f3n<\/strong>, y las distintas poblaciones, una <strong>comunidad<\/strong>. Un lugar determinado y la comunidad de seres vivos que habitan en \u00e9l constituyen un <strong>ecosistema<\/strong>.<\/p>\n<p>Podemos decir entonces que un <strong>ecosistema<\/strong> es el <em>conjunto formado por los seres<\/em> <em>vivos, el ambiente en el que viven y las relaciones que se establecen entre ellos<\/em>, que les hacen depender a unos de otros para sobrevivir.<\/p>\n<p>El <em>conjunto de seres vivos de un ecosistema<\/em> recibe el nombre de <strong>biocenosis<\/strong> y el <em>medio f\u00edsico <\/em>donde se relacionan se denomina <strong>biotopo<\/strong>.<\/p>\n<p><img loading=\"lazy\" decoding=\"async\" class=\"aligncenter size-full wp-image-435\" src=\"http:\/\/edublog.educastur.es\/orientecostacientifico\/files\/2021\/01\/Ecosistema.jpg\" alt=\"\" width=\"576\" height=\"315\" srcset=\"https:\/\/edublog.educastur.es\/orientecostacientifico\/files\/2021\/01\/Ecosistema.jpg 576w, https:\/\/edublog.educastur.es\/orientecostacientifico\/files\/2021\/01\/Ecosistema-300x164.jpg 300w\" sizes=\"auto, (max-width: 576px) 100vw, 576px\" \/><\/p>\n<p><img loading=\"lazy\" decoding=\"async\" class=\"aligncenter size-full wp-image-439\" src=\"http:\/\/edublog.educastur.es\/orientecostacientifico\/files\/2021\/01\/Biotopo-y-biocenosis-1.jpg\" alt=\"\" width=\"1071\" height=\"605\" srcset=\"https:\/\/edublog.educastur.es\/orientecostacientifico\/files\/2021\/01\/Biotopo-y-biocenosis-1.jpg 1071w, https:\/\/edublog.educastur.es\/orientecostacientifico\/files\/2021\/01\/Biotopo-y-biocenosis-1-300x169.jpg 300w, https:\/\/edublog.educastur.es\/orientecostacientifico\/files\/2021\/01\/Biotopo-y-biocenosis-1-1024x578.jpg 1024w, https:\/\/edublog.educastur.es\/orientecostacientifico\/files\/2021\/01\/Biotopo-y-biocenosis-1-768x434.jpg 768w\" sizes=\"auto, (max-width: 1071px) 100vw, 1071px\" \/><\/p>\n<p style=\"text-align: center\"><strong>Ecosistema = biotopo + biocenosis.<\/strong><\/p>\n<p>Un ejemplo de ecosistema es un bosque caducifolio de Asturias. Los bosques de hoja caduca son ecosistemas caracter\u00edsticos de zonas h\u00famedas. En este ecosistema la biocenosis est\u00e1 formada por los seres vivos del bosque como, por ejemplo, las ardillas, los osos, los lobos, los \u00e1rboles, los arbustos, las hierbas, los hongos, etc. El biotopo del ecosistema lo constituyen el suelo, las rocas, el agua y el aire que rodean a los seres vivos.<\/p>\n<p>La Tierra posee numerosos ecosistemas diferentes que podemos incluir en uno de estos dos grandes grupos:<\/p>\n<ul>\n<li><strong>Ecosistemas acu\u00e1ticos<\/strong>: mares, oc\u00e9anos, marismas, r\u00edos, lagos, humedales, charcas, etc.<\/li>\n<li><strong>Ecosistemas terrestres<\/strong>: desiertos, bosques, praderas, selvas, sabana, etc.<\/li>\n<li><strong>Ecosistemas mixtos<\/strong>: playas, acantilados, etc.<\/li>\n<\/ul>\n<p><img loading=\"lazy\" decoding=\"async\" class=\"aligncenter size-full wp-image-441\" src=\"http:\/\/edublog.educastur.es\/orientecostacientifico\/files\/2021\/01\/Tipos-de-ecosistemas.jpg\" alt=\"\" width=\"1343\" height=\"892\" srcset=\"https:\/\/edublog.educastur.es\/orientecostacientifico\/files\/2021\/01\/Tipos-de-ecosistemas.jpg 1343w, https:\/\/edublog.educastur.es\/orientecostacientifico\/files\/2021\/01\/Tipos-de-ecosistemas-300x199.jpg 300w, https:\/\/edublog.educastur.es\/orientecostacientifico\/files\/2021\/01\/Tipos-de-ecosistemas-1024x680.jpg 1024w, https:\/\/edublog.educastur.es\/orientecostacientifico\/files\/2021\/01\/Tipos-de-ecosistemas-768x510.jpg 768w, https:\/\/edublog.educastur.es\/orientecostacientifico\/files\/2021\/01\/Tipos-de-ecosistemas-1200x797.jpg 1200w\" sizes=\"auto, (max-width: 1343px) 100vw, 1343px\" \/><\/p>\n<p>La distribuci\u00f3n de los seres vivos en la Tierra est\u00e1 condicionada, b\u00e1sicamente, por el clima; por ello las comunidades que ocupan una misma zona clim\u00e1tica tienen unas caracter\u00edsticas particulares y constituyen un bioma. Los diferentes biomas de nuestro planeta se integran en la biosfera.<\/p>\n<p>La ecosfera es el ecosistema global de la Tierra siendo la biosfera su biocenosis correspondiente. Todos los ecosistemas de nuestro planeta est\u00e1n conectados entre s\u00ed y la ecosfera es el conjunto formado por todos ellos.<\/p>\n<p><strong>COMPONENTES DE UN ECOSISTEMA<\/strong><\/p>\n<p>Como ya vimos, en todos los ecosistemas podemos identificar dos componentes: la biocenosis y el biotopo.<\/p>\n<ul>\n<li>La <strong>biocenosis<\/strong> o comunidad es el conjunto de seres vivos, o de poblaciones, que ocupan un \u00e1rea natural y las relaciones que se establecen entre ellos.<\/li>\n<li>Una <strong>poblaci\u00f3n<\/strong> es el conjunto de <strong>individuos de la misma especie<\/strong> que viven en un <strong>\u00e1rea<\/strong> y en un periodo de <strong>tiempo<\/strong><\/li>\n<li>El <strong>biotopo<\/strong> de los organismos de un ecosistema est\u00e1 formado por el sustrato, el medio y los factores ambientales que les afectan.<\/li>\n<li>El <strong>sustrato<\/strong> es el soporte de los seres vivos, el lugar f\u00edsico del ecosistema en el que los seres vivos se desplazan o permanecen fijos. Por ejemplo, en un ecosistema marino, el agua es el sustrato de los peces, mientras que el de los corales es el suelo del fondo marino.<\/li>\n<li>El <strong>medio<\/strong> es el fluido que envuelve a los seres vivos. S\u00f3lo existen dos posibles medios: <strong>el aire y el agua<\/strong>. En el medio a\u00e9reo viven las aves, los mam\u00edferos terrestres, etc. En el medio acu\u00e1tico viven los peces, las algas, los corales, etc.<\/li>\n<li>Los <strong>factores ambientales<\/strong> son todos los elementos que influyen en los seres vivos de un ecosistema. Estos pueden ser bi\u00f3ticos y abi\u00f3ticos.<\/li>\n<li><strong>Los factores ambientales bi\u00f3ticos <\/strong>son las influencias que los organismos de un ecosistema reciben de otros de su misma especie (relaci\u00f3n intraespec\u00edfica) o de otras especies distintas a la suya (relaci\u00f3n interespec\u00edfica). Un ejemplo de la primera es la relaci\u00f3n que se establece entre los individuos de un banco de peces, y de la segunda la relaci\u00f3n entre un depredador y su presa.<\/li>\n<li>Los <strong>factores ambientales abi\u00f3ticos<\/strong> son de naturaleza f\u00edsico-qu\u00edmica y hacen que un biotopo est\u00e9 habitado por unas determinadas especies de seres vivos y no por otras, es decir, condicionan la adaptaci\u00f3n de los organismos. Los factores ambientales abi\u00f3ticos m\u00e1s importantes de un biotopo son:\n<ul>\n<li><sup>\u00a0<\/sup>La cantidad e intensidad de luz que recibe<\/li>\n<li>La temperatura.<\/li>\n<li>La cantidad y la calidad del agua existente, as\u00ed como el tipo de agua (dulce, salina, salobre, dura, blanda, etc.).<\/li>\n<li>El grado de humedad ambiental.<\/li>\n<li>Los elementos nutritivos existentes en el mismo.<\/li>\n<li>Las corrientes de agua o de aire.<\/li>\n<li>El relieve y el tipo de suelo.<\/li>\n<\/ul>\n<\/li>\n<\/ul>\n<p><img loading=\"lazy\" decoding=\"async\" class=\"aligncenter size-full wp-image-445\" src=\"http:\/\/edublog.educastur.es\/orientecostacientifico\/files\/2021\/01\/Factores-bioticos-y-abioticos.jpg\" alt=\"\" width=\"1486\" height=\"1028\" srcset=\"https:\/\/edublog.educastur.es\/orientecostacientifico\/files\/2021\/01\/Factores-bioticos-y-abioticos.jpg 1486w, https:\/\/edublog.educastur.es\/orientecostacientifico\/files\/2021\/01\/Factores-bioticos-y-abioticos-300x208.jpg 300w, https:\/\/edublog.educastur.es\/orientecostacientifico\/files\/2021\/01\/Factores-bioticos-y-abioticos-1024x708.jpg 1024w, https:\/\/edublog.educastur.es\/orientecostacientifico\/files\/2021\/01\/Factores-bioticos-y-abioticos-768x531.jpg 768w, https:\/\/edublog.educastur.es\/orientecostacientifico\/files\/2021\/01\/Factores-bioticos-y-abioticos-1200x830.jpg 1200w\" sizes=\"auto, (max-width: 1486px) 100vw, 1486px\" \/><\/p>\n<p><strong>El nicho ecol\u00f3gico <\/strong>es la <em>funci\u00f3n que una especie desempe\u00f1a dentro de un<\/em> <em>ecosistema. <\/em>Por ejemplo, el nicho ecol\u00f3gico de las ardillas es el de los animales que habitan en los \u00e1rboles y se alimentan de frutos secos.<\/p>\n<p><strong>El h\u00e1bitat <\/strong>de una especie es el conjunto de biotopos que pueden ser habitados por dicha especie. Por ejemplo, el h\u00e1bitat de la ardilla com\u00fan (Sciurus vulgaris) est\u00e1 formado por todos los bosques euroasi\u00e1ticos que existen en la Tierra.<\/p>\n<p><img loading=\"lazy\" decoding=\"async\" class=\"aligncenter size-full wp-image-443\" src=\"http:\/\/edublog.educastur.es\/orientecostacientifico\/files\/2021\/01\/Habitat-y-Nicho-Ecologico.jpg\" alt=\"\" width=\"800\" height=\"600\" srcset=\"https:\/\/edublog.educastur.es\/orientecostacientifico\/files\/2021\/01\/Habitat-y-Nicho-Ecologico.jpg 800w, https:\/\/edublog.educastur.es\/orientecostacientifico\/files\/2021\/01\/Habitat-y-Nicho-Ecologico-300x225.jpg 300w, https:\/\/edublog.educastur.es\/orientecostacientifico\/files\/2021\/01\/Habitat-y-Nicho-Ecologico-768x576.jpg 768w\" sizes=\"auto, (max-width: 800px) 100vw, 800px\" \/><\/p>\n","protected":false},"excerpt":{"rendered":"<p>LA CIENCIA ECOL\u00d3GICA El t\u00e9rmino ecolog\u00eda (del griego oikos, casa y logos, ciencia o tratado) fue creado por el naturalista alem\u00e1n Ernst Haeckel para nombrar la parte de la biolog\u00eda que se ocupaba del estudio de las relaciones de los seres vivos con su h\u00e1bitat. La ecolog\u00eda estudia c\u00f3mo funciona la \u201ccasa de los seres [&hellip;]<\/p>\n","protected":false},"author":526,"featured_media":0,"parent":99,"menu_order":1,"comment_status":"closed","ping_status":"closed","template":"templates\/template-full-width.php","meta":{"footnotes":""},"class_list":["post-426","page","type-page","status-publish","hentry"],"_links":{"self":[{"href":"https:\/\/edublog.educastur.es\/orientecostacientifico\/wp-json\/wp\/v2\/pages\/426","targetHints":{"allow":["GET"]}}],"collection":[{"href":"https:\/\/edublog.educastur.es\/orientecostacientifico\/wp-json\/wp\/v2\/pages"}],"about":[{"href":"https:\/\/edublog.educastur.es\/orientecostacientifico\/wp-json\/wp\/v2\/types\/page"}],"author":[{"embeddable":true,"href":"https:\/\/edublog.educastur.es\/orientecostacientifico\/wp-json\/wp\/v2\/users\/526"}],"replies":[{"embeddable":true,"href":"https:\/\/edublog.educastur.es\/orientecostacientifico\/wp-json\/wp\/v2\/comments?post=426"}],"version-history":[{"count":9,"href":"https:\/\/edublog.educastur.es\/orientecostacientifico\/wp-json\/wp\/v2\/pages\/426\/revisions"}],"predecessor-version":[{"id":446,"href":"https:\/\/edublog.educastur.es\/orientecostacientifico\/wp-json\/wp\/v2\/pages\/426\/revisions\/446"}],"up":[{"embeddable":true,"href":"https:\/\/edublog.educastur.es\/orientecostacientifico\/wp-json\/wp\/v2\/pages\/99"}],"wp:attachment":[{"href":"https:\/\/edublog.educastur.es\/orientecostacientifico\/wp-json\/wp\/v2\/media?parent=426"}],"curies":[{"name":"wp","href":"https:\/\/api.w.org\/{rel}","templated":true}]}}