{"id":99,"date":"2020-11-10T16:40:08","date_gmt":"2020-11-10T16:40:08","guid":{"rendered":"https:\/\/edublog.educastur.es\/orientecostacientifico\/?page_id=99"},"modified":"2021-02-01T18:09:47","modified_gmt":"2021-02-01T18:09:47","slug":"ambito-cientifico-tecnologico-cepa-oriente-costa","status":"publish","type":"page","link":"https:\/\/edublog.educastur.es\/orientecostacientifico\/","title":{"rendered":"Ambito Cient\u00edfico Tecnol\u00f3gico &#8211; CEPA Oriente Costa"},"content":{"rendered":"<p><span style=\"font-size: 24pt;color: #000080\"><strong>M\u00d3DULOS DEL NIVEL 1.1<\/strong><\/span><\/p>\n<ul>\n<li><span style=\"font-size: 18pt;color: #008000\"><strong>La Tierra en el Universo y los materiales terrestres.<\/strong><\/span>\n<ul>\n<li><a href=\"https:\/\/edublog.educastur.es\/orientecostacientifico\/2020\/10\/13\/1-1-tierra-universo\/\">Unidad 1. La Tierra en el Universo<\/a>.<\/li>\n<li><a href=\"https:\/\/edublog.educastur.es\/orientecostacientifico\/2020\/10\/16\/unidad-2-los-materiales-terrestres\/\">Unidad 2. Los Materiales Terrestres<\/a>.<\/li>\n<\/ul>\n<\/li>\n<li><span style=\"color: #008000\"><strong><span style=\"font-size: 18pt\">Los seres vivos y su diversidad.<\/span><\/strong><\/span>\n<ul>\n<li><a href=\"https:\/\/edublog.educastur.es\/orientecostacientifico\/2020\/11\/26\/unidad-1-la-teoria-celular\/\">Unidad 1. La teor\u00eda celular.<\/a><\/li>\n<li><a href=\"https:\/\/edublog.educastur.es\/orientecostacientifico\/2020\/11\/27\/unidad-2-la-celula\/\">Unidad 2. La c\u00e9lula<\/a>.<\/li>\n<li><a href=\"https:\/\/edublog.educastur.es\/orientecostacientifico\/2020\/11\/27\/unidad-3-clasificacion-de-los-seres-vivos\/\">Unidad 3. Clasificaci\u00f3n de los seres vivos<\/a>.<\/li>\n<li><a href=\"https:\/\/edublog.educastur.es\/orientecostacientifico\/2020\/12\/01\/unidad-4-biodiversidad-en-el-principado-de-asturias\/\">Unidad 4. Biodiversidad en el Principado de Asturias<\/a><\/li>\n<li>Actividades.<\/li>\n<\/ul>\n<\/li>\n<li><span style=\"color: #008000\"><strong><span style=\"font-size: 18pt\">Matem\u00e1ticas I<\/span><\/strong><\/span>\n<ul>\n<li>1. N\u00fameros naturales y decimales.<\/li>\n<li>2. Sistema m\u00e9trico decimal.<\/li>\n<li>3. Geometr\u00eda.<\/li>\n<li>4. Fracciones.<\/li>\n<li>5. Proporcionalidad.<\/li>\n<li>6. Estad\u00edstica.<\/li>\n<\/ul>\n<\/li>\n<\/ul>\n<p><span style=\"font-size: 24pt;color: #000080\"><strong>M\u00d3DULOS DEL NIVEL 1.2<\/strong><\/span><\/p>\n<ul>\n<li><span style=\"font-size: 18pt;color: #008000\"><strong>Materia y Energ\u00eda I<\/strong><\/span>\n<ul>\n<li><a href=\"https:\/\/edublog.educastur.es\/orientecostacientifico\/2020\/12\/02\/boque-1-la-materia\/\">Bloque 1. La materia.<\/a><\/li>\n<li><a href=\"https:\/\/edublog.educastur.es\/orientecostacientifico\/2020\/12\/09\/bloque-2-la-energia\/\">Bloque 2. La energ\u00eda.<\/a><\/li>\n<li>Actividades.<\/li>\n<\/ul>\n<\/li>\n<li><span style=\"font-size: 18pt;color: #008000\"><strong>La Vida en Acci\u00f3n &#8211; El medio ambiente natural.<\/strong><\/span>\n<ul>\n<li><a href=\"https:\/\/edublog.educastur.es\/orientecostacientifico\/ambito-cientifico-tecnologico-cepa-oriente-costa\/capitulo-1-ecologia-biosfera-ecosistema-y-ecosfera-el-ecosistema-y-sus-componentes\/\">Cap\u00edtulo 1. Ecolog\u00eda, biosfera, ecosistema y ecosfera. El ecosistema y sus componentes.<\/a><\/li>\n<li><a href=\"https:\/\/edublog.educastur.es\/orientecostacientifico\/ambito-cientifico-tecnologico-cepa-oriente-costa\/capitulo-2-ecosistemas-acuaticos-de-agua-dulce-y-marinos-ecosistemas-terrestres-los-biomas\/\">Cap\u00edtulo 2. Ecosistemas acu\u00e1ticos\u00a0 de agua\u00a0 dulce y marinos. Ecosistemas terrestres: los biomas.<\/a><\/li>\n<li><a href=\"https:\/\/edublog.educastur.es\/orientecostacientifico\/2021\/01\/14\/capitulo-3-el-ciclo-de-la-materia-y-el-flujo-de-la-energia-en-el-ecosistema-las-relaciones-alimentarias-que-se-establecen-entre-los-seres-vivos-de-un-ecosistema\/\">Cap\u00edtulo 3. El ciclo de la materia y el flujo de la energ\u00eda en el ecosistema. Las relaciones alimentarias que se establecen entre los seres vivos de un ecosistema.<\/a><\/li>\n<li><a href=\"https:\/\/edublog.educastur.es\/orientecostacientifico\/2021\/01\/15\/capitulo-5-ecosistemas-mas-representativos-de-asturias\/\">Cap\u00edtulo 4. Ecosistemas m\u00e1s representativos de Asturias.<\/a><\/li>\n<li><a href=\"https:\/\/edublog.educastur.es\/orientecostacientifico\/2021\/01\/18\/capitulo-5-el-suelo-como-ecosistema\/\">Cap\u00edtulo 5. El suelo como ecosistema.<\/a><\/li>\n<li><a href=\"https:\/\/edublog.educastur.es\/orientecostacientifico\/2021\/01\/18\/capitulo-6-el-metodo-cientifico\/\">Cap\u00edtulo 6. El m\u00e9todo cient\u00edfico.<\/a><\/li>\n<li>Actividades.<\/li>\n<\/ul>\n<\/li>\n<li><span style=\"font-size: 18pt;color: #008000\"><strong>TIC I<\/strong><\/span><\/li>\n<li><span style=\"font-size: 18pt;color: #008000\"><strong>Matem\u00e1ticas II<\/strong><\/span>\n<ul>\n<li>1. Geometr\u00eda.<\/li>\n<li>2. Proporcionalidad.<\/li>\n<li>3. Probabilidad y estad\u00edstica.<\/li>\n<li>4. \u00c1lgebra.<\/li>\n<li>5. Funciones.<\/li>\n<\/ul>\n<\/li>\n<\/ul>\n<p><span style=\"font-size: 24pt;color: #000080\"><strong>M\u00d3DULOS DEL NIVEL 2.1<\/strong><\/span><\/p>\n<ul>\n<li><span style=\"color: #008000\"><strong><span style=\"font-size: 18pt\">Los movimientos y las fuerzas.<\/span><\/strong><\/span>\n<ul>\n<li><a href=\"https:\/\/actllanes.blogspot.com\/2021\/01\/cepa-oriente-costa-llanes-asturias.html\">Unidad 1. El movimiento.<\/a><\/li>\n<li><a href=\"https:\/\/actllanes.blogspot.com\/2021\/02\/cepa-oriente-costa-llanes-ambito.html\">Unidad 2. Las fuerzas.<\/a><\/li>\n<li>Actividades.<\/li>\n<\/ul>\n<\/li>\n<li><span style=\"color: #008000\"><strong><span style=\"font-size: 18pt\">Las personas y la salud.<\/span><\/strong><\/span>\n<ul>\n<li><a href=\"https:\/\/edublog.educastur.es\/orientecostacientifico\/2020\/11\/18\/unidad-1-funcionamiento-del-cuerpo-humano-la-salud\/\">Unidad 1. Funcionamiento del cuerpo humano. La salud.<\/a><\/li>\n<li><a href=\"https:\/\/edublog.educastur.es\/orientecostacientifico\/unidad-2-la-funcion-de-nutricion\/\">Unidad 2. La funci\u00f3n de nutrici\u00f3n.<\/a><\/li>\n<li><a href=\"https:\/\/edublog.educastur.es\/orientecostacientifico\/2021\/01\/19\/unidad-3-la-funcion-de-reproduccion-la-sexualidad\/\">Unidad 3. La funci\u00f3n de reproducci\u00f3n. La sexualidad.<\/a><\/li>\n<li><a href=\"https:\/\/actllanes.blogspot.com\/2021\/01\/1.html\">Unidad 4. La funci\u00f3n de relaci\u00f3n.<\/a><\/li>\n<li><a href=\"https:\/\/actllanes.blogspot.com\/2021\/01\/unidad-5.html\">Unidad 5. Efectos positivos del ejercicio f\u00edsico.<\/a><\/li>\n<\/ul>\n<\/li>\n<li><span style=\"color: #008000\"><strong><span style=\"font-size: 18pt\">Matem\u00e1ticas III<\/span><\/strong><\/span>\n<ul>\n<li>Bloque 1. \u00c1lgebra.<\/li>\n<li>Bloque 2. Geometr\u00eda.<\/li>\n<li>Bloque 3. Funciones.<\/li>\n<li>Bloque 4. Estad\u00edstica y probabilidad.<\/li>\n<\/ul>\n<\/li>\n<\/ul>\n<p><span style=\"font-size: 24pt;color: #000080\"><strong>M\u00d3DULOS DEL NIVEL 2.2<\/strong><\/span><\/p>\n<ul>\n<li><span style=\"color: #008000\"><strong><span style=\"font-size: 18pt\">Humanidad y medio ambiente.<\/span><\/strong><\/span>\n<ul>\n<li>Unidad 1. La c\u00e9lula.<\/li>\n<li>Unidad 2. Gen\u00e9tica.<\/li>\n<li>Unidad 3. Evoluci\u00f3n.<\/li>\n<li>Unidad 4. Origen y estructura de la Tierra.<\/li>\n<li>Unidad 5. La actividad humana y el medio ambiente.<\/li>\n<\/ul>\n<\/li>\n<li><span style=\"color: #008000\"><strong><span style=\"font-size: 18pt\">Materia y Energ\u00eda II<\/span><\/strong><\/span>\n<ul>\n<li><a href=\"https:\/\/edublog.educastur.es\/orientecostacientifico\/2020\/11\/09\/bloque-1-la-materia\/\">Bloque 1. La Materia<\/a>.<\/li>\n<li><a href=\"https:\/\/edublog.educastur.es\/orientecostacientifico\/2020\/11\/10\/bloque-2-los-cambios\/\">Bloque 2. Los Cambios<\/a>.<\/li>\n<li><a href=\"https:\/\/edublog.educastur.es\/orientecostacientifico\/2020\/11\/17\/bloque-3-la-energia\/\">Bloque 3. La Energ\u00eda<\/a>.<\/li>\n<\/ul>\n<\/li>\n<li><span style=\"font-size: 18pt;color: #008000\"><strong>TIC II<\/strong><\/span><\/li>\n<li><span style=\"font-size: 18pt;color: #008000\"><strong>Matem\u00e1ticas IV<\/strong><\/span>\n<ul>\n<li>Tema 1. Conceptos previos.<\/li>\n<li>Tema 2. Ecuaciones.<\/li>\n<li>Tema 3. Espacio y forma.<\/li>\n<li>Tema 4. Probabilidad.<\/li>\n<\/ul>\n<\/li>\n<\/ul>\n","protected":false},"excerpt":{"rendered":"<p>M\u00d3DULOS DEL NIVEL 1.1 La Tierra en el Universo y los materiales terrestres. Unidad 1. La Tierra en el Universo. Unidad 2. Los Materiales Terrestres. Los seres vivos y su diversidad. Unidad 1. La teor\u00eda celular. Unidad 2. La c\u00e9lula. Unidad 3. Clasificaci\u00f3n de los seres vivos. Unidad 4. Biodiversidad en el Principado de Asturias [&hellip;]<\/p>\n","protected":false},"author":526,"featured_media":0,"parent":0,"menu_order":0,"comment_status":"closed","ping_status":"closed","template":"templates\/template-full-width.php","meta":{"footnotes":""},"class_list":["post-99","page","type-page","status-publish","hentry"],"_links":{"self":[{"href":"https:\/\/edublog.educastur.es\/orientecostacientifico\/wp-json\/wp\/v2\/pages\/99","targetHints":{"allow":["GET"]}}],"collection":[{"href":"https:\/\/edublog.educastur.es\/orientecostacientifico\/wp-json\/wp\/v2\/pages"}],"about":[{"href":"https:\/\/edublog.educastur.es\/orientecostacientifico\/wp-json\/wp\/v2\/types\/page"}],"author":[{"embeddable":true,"href":"https:\/\/edublog.educastur.es\/orientecostacientifico\/wp-json\/wp\/v2\/users\/526"}],"replies":[{"embeddable":true,"href":"https:\/\/edublog.educastur.es\/orientecostacientifico\/wp-json\/wp\/v2\/comments?post=99"}],"version-history":[{"count":37,"href":"https:\/\/edublog.educastur.es\/orientecostacientifico\/wp-json\/wp\/v2\/pages\/99\/revisions"}],"predecessor-version":[{"id":605,"href":"https:\/\/edublog.educastur.es\/orientecostacientifico\/wp-json\/wp\/v2\/pages\/99\/revisions\/605"}],"wp:attachment":[{"href":"https:\/\/edublog.educastur.es\/orientecostacientifico\/wp-json\/wp\/v2\/media?parent=99"}],"curies":[{"name":"wp","href":"https:\/\/api.w.org\/{rel}","templated":true}]}}