{"id":51,"date":"2024-01-16T14:31:43","date_gmt":"2024-01-16T13:31:43","guid":{"rendered":"https:\/\/edublog.educastur.es\/peacfolcislan\/?page_id=51"},"modified":"2024-01-23T10:08:13","modified_gmt":"2024-01-23T09:08:13","slug":"como-solicitar-peac","status":"publish","type":"page","link":"https:\/\/edublog.educastur.es\/peacfolcislan\/como-solicitar-peac\/","title":{"rendered":"\u00bf C\u00f3mo iniciar el procedimiento?"},"content":{"rendered":"<blockquote><p><span style=\"font-size: 14pt\"><strong>Antes de iniciar el procedimiento<\/strong> <\/span>es importante que tengas claro las unidades de competencias que puedes acreditar, para ello <span style=\"font-size: 14pt\"><strong>te aconsejamos<\/strong> <\/span>que te pongas en <a href=\"https:\/\/edublog.educastur.es\/peacfolcislan\/contacto\/\">contacto<\/a> con la Coordinaci\u00f3n de Acreditaci\u00f3n de Competencias, a trav\u00e9s del correo<span style=\"font-size: 14pt\"><strong> peac.fpcislan@gmail.com<\/strong><\/span> o contacto telef\u00f3nico <span style=\"font-size: 14pt\"><strong>985678518<\/strong><\/span><\/p><\/blockquote>\n<a href=\"https:\/\/edublog.educastur.es\/peacfolcislan\/files\/2024\/01\/Acreditacioin-competencias-_compressed-1.pdf\" class=\"pdfemb-viewer\" style=\"\" data-width=\"max\" data-height=\"max\" data-toolbar=\"bottom\" data-toolbar-fixed=\"off\">Acreditacio\u00ecn competencias _compressed-1<\/a>\n<p>&nbsp;<\/p>\n<p>&nbsp;<\/p>\n<p><a href=\"http:\/\/edublog.educastur.es\/peacfolcislan\/files\/2024\/01\/01._Solicitud_normalizada_20210701_105051_13521654760712473332-2.pdf\">Solicitud normalizada<\/a> <a href=\"https:\/\/edublog.educastur.es\/peacfolcislan\/files\/2024\/01\/01._Solicitud_normalizada_20210701_105051_13521654760712473332-2.pdf\" class=\"pdfemb-viewer\" style=\"\" data-width=\"max\" data-height=\"max\" data-toolbar=\"bottom\" data-toolbar-fixed=\"off\">01._Solicitud_normalizada_20210701_105051_13521654760712473332 (2)<\/a><\/p>\n<p>Listado de unidades de competencia <a href=\"https:\/\/edublog.educastur.es\/peacfolcislan\/files\/2024\/01\/02._Anexo_I_Unidades_de_competencia_de_nivel_I_20220223_081705_14156033571261403705-2.pdf\" class=\"pdfemb-viewer\" style=\"\" data-width=\"max\" data-height=\"max\" data-toolbar=\"bottom\" data-toolbar-fixed=\"off\">02._Anexo_I_Unidades_de_competencia_de_nivel_I_20220223_081705_14156033571261403705 (2)<\/a><\/p>\n<p>&nbsp;<\/p>\n<p>&nbsp;<\/p>\n","protected":false},"excerpt":{"rendered":"<p>Antes de iniciar el procedimiento es importante que tengas claro las unidades de competencias que puedes acreditar, para ello te aconsejamos que te pongas en contacto con la Coordinaci\u00f3n de Acreditaci\u00f3n de Competencias, a trav\u00e9s del correo peac.fpcislan@gmail.com o contacto telef\u00f3nico 985678518 &nbsp; &nbsp; Solicitud normalizada Listado de unidades de competencia &nbsp; &nbsp;<\/p>\n","protected":false},"author":1350,"featured_media":0,"parent":0,"menu_order":0,"comment_status":"closed","ping_status":"closed","template":"","meta":{"footnotes":""},"class_list":["post-51","page","type-page","status-publish","hentry"],"_links":{"self":[{"href":"https:\/\/edublog.educastur.es\/peacfolcislan\/wp-json\/wp\/v2\/pages\/51","targetHints":{"allow":["GET"]}}],"collection":[{"href":"https:\/\/edublog.educastur.es\/peacfolcislan\/wp-json\/wp\/v2\/pages"}],"about":[{"href":"https:\/\/edublog.educastur.es\/peacfolcislan\/wp-json\/wp\/v2\/types\/page"}],"author":[{"embeddable":true,"href":"https:\/\/edublog.educastur.es\/peacfolcislan\/wp-json\/wp\/v2\/users\/1350"}],"replies":[{"embeddable":true,"href":"https:\/\/edublog.educastur.es\/peacfolcislan\/wp-json\/wp\/v2\/comments?post=51"}],"version-history":[{"count":14,"href":"https:\/\/edublog.educastur.es\/peacfolcislan\/wp-json\/wp\/v2\/pages\/51\/revisions"}],"predecessor-version":[{"id":118,"href":"https:\/\/edublog.educastur.es\/peacfolcislan\/wp-json\/wp\/v2\/pages\/51\/revisions\/118"}],"wp:attachment":[{"href":"https:\/\/edublog.educastur.es\/peacfolcislan\/wp-json\/wp\/v2\/media?parent=51"}],"curies":[{"name":"wp","href":"https:\/\/api.w.org\/{rel}","templated":true}]}}