{"id":48,"date":"2023-02-28T20:23:31","date_gmt":"2023-02-28T20:23:31","guid":{"rendered":"https:\/\/edublog.educastur.es\/radioelcuco\/?page_id=48"},"modified":"2023-02-28T20:56:47","modified_gmt":"2023-02-28T20:56:47","slug":"rquer","status":"publish","type":"page","link":"https:\/\/edublog.educastur.es\/radioelcuco\/rquer\/","title":{"rendered":"RqueR"},"content":{"rendered":"<p><img loading=\"lazy\" decoding=\"async\" class=\"wp-image-57 alignleft\" src=\"http:\/\/edublog.educastur.es\/radioelcuco\/files\/2023\/02\/Logo-RqueR-verde-300x300.jpg\" alt=\"\" width=\"233\" height=\"233\" srcset=\"https:\/\/edublog.educastur.es\/radioelcuco\/files\/2023\/02\/Logo-RqueR-verde-300x300.jpg 300w, https:\/\/edublog.educastur.es\/radioelcuco\/files\/2023\/02\/Logo-RqueR-verde-150x150.jpg 150w, https:\/\/edublog.educastur.es\/radioelcuco\/files\/2023\/02\/Logo-RqueR-verde.jpg 320w\" sizes=\"auto, (max-width: 233px) 100vw, 233px\" \/><\/p>\n<p>&nbsp;<\/p>\n<p>Radio el Cuco forma parte de la <strong>Red de Radios Escolares de Asturias<\/strong> <span style=\"color: #99cc00\"><em><strong>RqueR<\/strong><\/em><\/span><\/p>\n<p>Cada vez somos m\u00e1s los centros educativos que nos unimos para ofrecer a nuestro alumnado experiencias radiof\u00f3nicas colaborativas e inclusivas.<\/p>\n<p>Si quieres averiguar m\u00e1s sobre nuestras actividades, visita nuestra web:<strong>\u00a0<span style=\"color: #99cc00\"><a style=\"color: #99cc00\" href=\"https:\/\/rquerradio.wixsite.com\/rquerasturies\">RquerRadio<\/a><\/span><\/strong><\/p>\n<p>&nbsp;<\/p>\n<p>&nbsp;<\/p>\n<p>&nbsp;<\/p>\n<p>&nbsp;<\/p>\n<p>&nbsp;<\/p>\n","protected":false},"excerpt":{"rendered":"<p>&nbsp; Radio el Cuco forma parte de la Red de Radios Escolares de Asturias RqueR Cada vez somos m\u00e1s los centros educativos que nos unimos para ofrecer a nuestro alumnado experiencias radiof\u00f3nicas colaborativas e inclusivas. Si quieres averiguar m\u00e1s sobre nuestras actividades, visita nuestra web:\u00a0RquerRadio &nbsp; &nbsp; &nbsp; &nbsp; &nbsp;<\/p>\n","protected":false},"author":1832,"featured_media":0,"parent":0,"menu_order":0,"comment_status":"closed","ping_status":"closed","template":"","meta":{"footnotes":""},"class_list":["post-48","page","type-page","status-publish","hentry","post-preview"],"_links":{"self":[{"href":"https:\/\/edublog.educastur.es\/radioelcuco\/wp-json\/wp\/v2\/pages\/48","targetHints":{"allow":["GET"]}}],"collection":[{"href":"https:\/\/edublog.educastur.es\/radioelcuco\/wp-json\/wp\/v2\/pages"}],"about":[{"href":"https:\/\/edublog.educastur.es\/radioelcuco\/wp-json\/wp\/v2\/types\/page"}],"author":[{"embeddable":true,"href":"https:\/\/edublog.educastur.es\/radioelcuco\/wp-json\/wp\/v2\/users\/1832"}],"replies":[{"embeddable":true,"href":"https:\/\/edublog.educastur.es\/radioelcuco\/wp-json\/wp\/v2\/comments?post=48"}],"version-history":[{"count":3,"href":"https:\/\/edublog.educastur.es\/radioelcuco\/wp-json\/wp\/v2\/pages\/48\/revisions"}],"predecessor-version":[{"id":59,"href":"https:\/\/edublog.educastur.es\/radioelcuco\/wp-json\/wp\/v2\/pages\/48\/revisions\/59"}],"wp:attachment":[{"href":"https:\/\/edublog.educastur.es\/radioelcuco\/wp-json\/wp\/v2\/media?parent=48"}],"curies":[{"name":"wp","href":"https:\/\/api.w.org\/{rel}","templated":true}]}}

<p><img loading="lazy" decoding="async" class="wp-image-57 alignleft" src="http://edublog.educastur.es/radioelcuco/files/2023/02/Logo-RqueR-verde-300x300.jpg" alt="" width="233" height="233" srcset="https://edublog.educastur.es/radioelcuco/files/2023/02/Logo-RqueR-verde-300x300.jpg 300w, https://edublog.educastur.es/radioelcuco/files/2023/02/Logo-RqueR-verde-150x150.jpg 150w, https://edublog.educastur.es/radioelcuco/files/2023/02/Logo-RqueR-verde.jpg 320w" sizes="auto, (max-width: 233px) 100vw, 233px" /></p>
<p>&nbsp;</p>
<p>Radio el Cuco forma parte de la <strong>Red de Radios Escolares de Asturias</strong> <span style="color: #99cc00"><em><strong>RqueR</strong></em></span></p>
<p>Cada vez somos más los centros educativos que nos unimos para ofrecer a nuestro alumnado experiencias radiofónicas colaborativas e inclusivas.</p>
<p>Si quieres averiguar más sobre nuestras actividades, visita nuestra web:<strong> <span style="color: #99cc00"><a style="color: #99cc00" href="https://rquerradio.wixsite.com/rquerasturies">RquerRadio</a></span></strong></p>
<p>&nbsp;</p>
<p>&nbsp;</p>
<p>&nbsp;</p>
<p>&nbsp;</p>
<p>&nbsp;</p>

<p>&nbsp; Radio el Cuco forma parte de la Red de Radios Escolares de Asturias RqueR Cada vez somos más los centros educativos que nos unimos para ofrecer a nuestro alumnado experiencias radiofónicas colaborativas e inclusivas. Si quieres averiguar más sobre nuestras actividades, visita nuestra web: RquerRadio &nbsp; &nbsp; &nbsp; &nbsp; &nbsp;</p>
