{"id":96,"date":"2024-02-04T19:18:03","date_gmt":"2024-02-04T18:18:03","guid":{"rendered":"https:\/\/edublog.educastur.es\/radiomartinez\/?page_id=96"},"modified":"2024-02-04T19:20:33","modified_gmt":"2024-02-04T18:20:33","slug":"noticias","status":"publish","type":"page","link":"https:\/\/edublog.educastur.es\/radiomartinez\/noticias\/","title":{"rendered":"Noticias"},"content":{"rendered":"<div style=\"text-align: justify\">\n<h2><em>La Nueva Espa\u00f1a: De aula en aula: El Manuel Mart\u00ednez Blanco, un colegio gijon\u00e9s que est\u00e1 en la onda.<\/em><\/h2>\n<p><a href=\"https:\/\/www.lne.es\/gijon\/2023\/12\/26\/manuel-martinez-blanco-colegio-gijones-96251097.html\"><img loading=\"lazy\" decoding=\"async\" class=\"wp-image-97 alignleft\" src=\"http:\/\/edublog.educastur.es\/radiomartinez\/files\/2024\/02\/Captura-de-Pantalla-2024-02-04-a-las-19.07.15.png\" alt=\"\" width=\"452\" height=\"333\" srcset=\"https:\/\/edublog.educastur.es\/radiomartinez\/files\/2024\/02\/Captura-de-Pantalla-2024-02-04-a-las-19.07.15.png 894w, https:\/\/edublog.educastur.es\/radiomartinez\/files\/2024\/02\/Captura-de-Pantalla-2024-02-04-a-las-19.07.15-300x221.png 300w, https:\/\/edublog.educastur.es\/radiomartinez\/files\/2024\/02\/Captura-de-Pantalla-2024-02-04-a-las-19.07.15-768x566.png 768w\" sizes=\"auto, (max-width: 452px) 100vw, 452px\" \/><\/a>El pasado 26 de diciembre de 2023, el diario local de La Nueva Espa\u00f1a, nos hizo una estupenda entrevista muy bonita sobre nuestro proyecto de radio escolar \u00abRadio Mart\u00ednez\u00bb. La secci\u00f3n se llama \u00abDe aula en aula\u00bb y en ella, cada lunes se muestra una escuela que realiza diferentes actividades o proyectos interesantes e innovadores para el alumnado gijon\u00e9s y asturiano.<\/p>\n<p>Para nosotros ha sido un verdadero placer formar parte de esta secci\u00f3n y al mismo tiempo dar a conocer un poquito m\u00e1s nuestro centro y nuestro proyecto en particular.<\/p>\n<p>&nbsp;<\/p>\n<p>Si pinch\u00e1is sobre la imagen os llevar\u00e1 a la noticia, tambi\u00e9n os dejamos aqu\u00ed el enlace a la misma:\u00a0 <a href=\"https:\/\/www.lne.es\/gijon\/2023\/12\/26\/manuel-martinez-blanco-colegio-gijones-96251097.html\"><em>De aula en aula: El Manuel Mart\u00ednez Blanco, un colegio gijon\u00e9s que est\u00e1 en la onda.<\/em><\/a><\/p>\n<\/div>\n","protected":false},"excerpt":{"rendered":"<p>La Nueva Espa\u00f1a: De aula en aula: El Manuel Mart\u00ednez Blanco, un colegio gijon\u00e9s que est\u00e1 en la onda. El pasado 26 de diciembre de 2023, el diario local de La Nueva Espa\u00f1a, nos hizo una estupenda entrevista muy bonita [&hellip;]<\/p>\n","protected":false},"author":431,"featured_media":0,"parent":0,"menu_order":0,"comment_status":"closed","ping_status":"closed","template":"","meta":{"footnotes":""},"class_list":["post-96","page","type-page","status-publish","hentry"],"_links":{"self":[{"href":"https:\/\/edublog.educastur.es\/radiomartinez\/wp-json\/wp\/v2\/pages\/96","targetHints":{"allow":["GET"]}}],"collection":[{"href":"https:\/\/edublog.educastur.es\/radiomartinez\/wp-json\/wp\/v2\/pages"}],"about":[{"href":"https:\/\/edublog.educastur.es\/radiomartinez\/wp-json\/wp\/v2\/types\/page"}],"author":[{"embeddable":true,"href":"https:\/\/edublog.educastur.es\/radiomartinez\/wp-json\/wp\/v2\/users\/431"}],"replies":[{"embeddable":true,"href":"https:\/\/edublog.educastur.es\/radiomartinez\/wp-json\/wp\/v2\/comments?post=96"}],"version-history":[{"count":3,"href":"https:\/\/edublog.educastur.es\/radiomartinez\/wp-json\/wp\/v2\/pages\/96\/revisions"}],"predecessor-version":[{"id":100,"href":"https:\/\/edublog.educastur.es\/radiomartinez\/wp-json\/wp\/v2\/pages\/96\/revisions\/100"}],"wp:attachment":[{"href":"https:\/\/edublog.educastur.es\/radiomartinez\/wp-json\/wp\/v2\/media?parent=96"}],"curies":[{"name":"wp","href":"https:\/\/api.w.org\/{rel}","templated":true}]}}