{"id":470,"date":"2022-12-06T12:33:01","date_gmt":"2022-12-06T12:33:01","guid":{"rendered":"https:\/\/edublog.educastur.es\/ricardo\/?page_id=470"},"modified":"2023-11-07T21:59:40","modified_gmt":"2023-11-07T21:59:40","slug":"escher","status":"publish","type":"page","link":"https:\/\/edublog.educastur.es\/ricardo\/escher\/","title":{"rendered":"Escher"},"content":{"rendered":"<p><img loading=\"lazy\" decoding=\"async\" class=\"\" src=\"https:\/\/www.biografiasyvidas.com\/biografia\/e\/fotos\/escher_relativity_1953.jpg\" alt=\"Biografia de Maurits Cornelius Escher\" width=\"387\" height=\"364\" \/><\/p>\n<p>Colgar\u00e9 aqu\u00ed diversos recursos:<\/p>\n<p><a href=\"https:\/\/mcescher.com\/gallery\/most-popular\/\" target=\"_blank\" rel=\"noopener\">Galer\u00eda de sus obras m\u00e1s populares (web M.C.Escher).<\/a><\/p>\n<p>Mi libro de Geogebra con algunas construcciones:<\/p>\n<p><a href=\"https:\/\/www.geogebra.org\/m\/uznjqeun\" target=\"_blank\" rel=\"noopener\"><img loading=\"lazy\" decoding=\"async\" class=\"\" src=\"https:\/\/cdn.geogebra.org\/resource\/ZZU8n2By\/fiS0SmgPrHgQI8n0\/material-ZZU8n2By.png\" width=\"378\" height=\"242\" \/><\/a><\/p>\n<p>Construcciones de Escher por Manuel Sada:<\/p>\n<p><a href=\"https:\/\/www.geogebra.org\/m\/dAqNKuXH\" target=\"_blank\" rel=\"noopener\"><img loading=\"lazy\" decoding=\"async\" class=\"\" src=\"https:\/\/cdn.geogebra.org\/resource\/qCxF5QM7\/Uu1fIL3g2JLW5gMJ\/material-qCxF5QM7-thumb.png\" alt=\"Ir a la versi\u00f3n para alumnos\" width=\"342\" height=\"211\" \/><\/a><\/p>\n<p>Lo mismo en versi\u00f3n antigua:<\/p>\n<p><a href=\"http:\/\/docentes.educacion.navarra.es\/msadaall\/geogebra\/escher.htm\" target=\"_blank\" rel=\"noopener\">http:\/\/docentes.educacion.navarra.es\/msadaall\/geogebra\/escher.htm<\/a><\/p>\n<p>Y una lista de videos con muchos sobre movimientos:<\/p>\n\n<!-- iframe plugin v.6.0 wordpress.org\/plugins\/iframe\/ -->\n<iframe loading=\"lazy\" width=\"560\" height=\"315\" src=\"https:\/\/www.youtube.com\/embed\/videoseries?si=P6AAb2Ue3TEgSJno&#038;amp;list=PLkX7wYvjDy4KJj7XpLnGB3vCBEo_N0iem\" scrolling=\"yes\" class=\"iframe-class\" frameborder=\"0\"><\/iframe>\n\n<p>&nbsp;<\/p>\n<p>&nbsp;<\/p>\n","protected":false},"excerpt":{"rendered":"<p>Colgar\u00e9 aqu\u00ed diversos recursos: Galer\u00eda de sus obras m\u00e1s populares (web M.C.Escher). Mi libro de Geogebra con algunas construcciones: Construcciones de Escher por Manuel Sada: Lo mismo en versi\u00f3n antigua: http:\/\/docentes.educacion.navarra.es\/msadaall\/geogebra\/escher.htm Y una lista de videos con muchos sobre movimientos: &nbsp; &nbsp;<\/p>\n","protected":false},"author":49,"featured_media":0,"parent":0,"menu_order":0,"comment_status":"closed","ping_status":"closed","template":"","meta":{"footnotes":""},"class_list":["post-470","page","type-page","status-publish","hentry","without-featured-image"],"_links":{"self":[{"href":"https:\/\/edublog.educastur.es\/ricardo\/wp-json\/wp\/v2\/pages\/470","targetHints":{"allow":["GET"]}}],"collection":[{"href":"https:\/\/edublog.educastur.es\/ricardo\/wp-json\/wp\/v2\/pages"}],"about":[{"href":"https:\/\/edublog.educastur.es\/ricardo\/wp-json\/wp\/v2\/types\/page"}],"author":[{"embeddable":true,"href":"https:\/\/edublog.educastur.es\/ricardo\/wp-json\/wp\/v2\/users\/49"}],"replies":[{"embeddable":true,"href":"https:\/\/edublog.educastur.es\/ricardo\/wp-json\/wp\/v2\/comments?post=470"}],"version-history":[{"count":5,"href":"https:\/\/edublog.educastur.es\/ricardo\/wp-json\/wp\/v2\/pages\/470\/revisions"}],"predecessor-version":[{"id":669,"href":"https:\/\/edublog.educastur.es\/ricardo\/wp-json\/wp\/v2\/pages\/470\/revisions\/669"}],"wp:attachment":[{"href":"https:\/\/edublog.educastur.es\/ricardo\/wp-json\/wp\/v2\/media?parent=470"}],"curies":[{"name":"wp","href":"https:\/\/api.w.org\/{rel}","templated":true}]}}