{"id":40,"date":"2025-09-16T23:11:48","date_gmt":"2025-09-16T21:11:48","guid":{"rendered":"https:\/\/edublog.educastur.es\/sintonizacovadonga\/?page_id=40"},"modified":"2025-09-30T18:22:10","modified_gmt":"2025-09-30T16:22:10","slug":"nuestra-radio-escolar","status":"publish","type":"page","link":"https:\/\/edublog.educastur.es\/sintonizacovadonga\/nuestra-radio-escolar\/","title":{"rendered":"Nuestra radio escolar"},"content":{"rendered":"<p>En nuestro instituto siempre hemos buscado nuevas formas de aprender, compartir y crecer como comunidad, y fue durante el curso 23\/24 cuando se nos present\u00f3 la oportunidad de conseguir un kit de radio, gracias a una formaci\u00f3n que ofertaba la Consejer\u00eda de Educaci\u00f3n. Con muchas ganas y a lo loco nos lanzamos varias profesoras, convencidas de que la radio pod\u00eda suponer una gran oportunidad para nuestro alumnado. Y as\u00ed, en septiembre de 2024 recibimos nuestro kit y corrimos a montarlo en lo que hab\u00eda sido la cafeter\u00eda del instituto. Y nos qued\u00f3 as\u00ed de bonita&#8230;<\/p>\n<p><img loading=\"lazy\" decoding=\"async\" class=\"alignnone size-medium wp-image-44\" src=\"http:\/\/edublog.educastur.es\/sintonizacovadonga\/files\/2025\/09\/WhatsApp-Image-2025-09-16-at-23.09.30-225x300.jpeg\" alt=\"\" width=\"225\" height=\"300\" srcset=\"https:\/\/edublog.educastur.es\/sintonizacovadonga\/files\/2025\/09\/WhatsApp-Image-2025-09-16-at-23.09.30-225x300.jpeg 225w, https:\/\/edublog.educastur.es\/sintonizacovadonga\/files\/2025\/09\/WhatsApp-Image-2025-09-16-at-23.09.30-768x1024.jpeg 768w, https:\/\/edublog.educastur.es\/sintonizacovadonga\/files\/2025\/09\/WhatsApp-Image-2025-09-16-at-23.09.30-1152x1536.jpeg 1152w, https:\/\/edublog.educastur.es\/sintonizacovadonga\/files\/2025\/09\/WhatsApp-Image-2025-09-16-at-23.09.30.jpeg 1200w\" sizes=\"auto, (max-width: 225px) 100vw, 225px\" \/><\/p>\n<p>En octubre nos animamos con la que ser\u00eda la primera de muchas entrevistas, quedando as\u00ed inaugurado nuestro equipo de &#8216;sintoniza Covadonga&#8217;<\/p>\n<p><img loading=\"lazy\" decoding=\"async\" class=\"alignnone size-medium wp-image-43\" src=\"http:\/\/edublog.educastur.es\/sintonizacovadonga\/files\/2025\/09\/WhatsApp-Image-2025-09-16-at-23.09.35-300x225.jpeg\" alt=\"\" width=\"300\" height=\"225\" srcset=\"https:\/\/edublog.educastur.es\/sintonizacovadonga\/files\/2025\/09\/WhatsApp-Image-2025-09-16-at-23.09.35-300x225.jpeg 300w, https:\/\/edublog.educastur.es\/sintonizacovadonga\/files\/2025\/09\/WhatsApp-Image-2025-09-16-at-23.09.35-1024x768.jpeg 1024w, https:\/\/edublog.educastur.es\/sintonizacovadonga\/files\/2025\/09\/WhatsApp-Image-2025-09-16-at-23.09.35-768x576.jpeg 768w, https:\/\/edublog.educastur.es\/sintonizacovadonga\/files\/2025\/09\/WhatsApp-Image-2025-09-16-at-23.09.35-1536x1152.jpeg 1536w, https:\/\/edublog.educastur.es\/sintonizacovadonga\/files\/2025\/09\/WhatsApp-Image-2025-09-16-at-23.09.35.jpeg 1600w\" sizes=\"auto, (max-width: 300px) 100vw, 300px\" \/><\/p>\n<p>Tambi\u00e9n entre septiembre y octubre comenzamos nuestro programa semanal de noticias, por el que pasaron muchos alumnos y alumnas de distintos cursos. No os imagin\u00e1is lo bien que funciona este grupo de radio, c\u00f3mo se gestionan y c\u00f3mo hacen que cada semana el programa salga adelante. A simple vista puede parecer una actividad simple, pero entra\u00f1a mucho trabajo por parte de nuestro alumnado, que adem\u00e1s desarrolla otros valores, como la responsabilidad, la empat\u00eda, el trabajo en equipo, el respeto, sin ellos el programa no saldr\u00eda adelante.<\/p>\n<p><img loading=\"lazy\" decoding=\"async\" class=\"alignnone size-medium wp-image-72\" src=\"http:\/\/edublog.educastur.es\/sintonizacovadonga\/files\/2025\/09\/WhatsApp-Image-2025-09-30-at-18.19.40-225x300.jpeg\" alt=\"\" width=\"225\" height=\"300\" srcset=\"https:\/\/edublog.educastur.es\/sintonizacovadonga\/files\/2025\/09\/WhatsApp-Image-2025-09-30-at-18.19.40-225x300.jpeg 225w, https:\/\/edublog.educastur.es\/sintonizacovadonga\/files\/2025\/09\/WhatsApp-Image-2025-09-30-at-18.19.40-768x1024.jpeg 768w, https:\/\/edublog.educastur.es\/sintonizacovadonga\/files\/2025\/09\/WhatsApp-Image-2025-09-30-at-18.19.40-1152x1536.jpeg 1152w, https:\/\/edublog.educastur.es\/sintonizacovadonga\/files\/2025\/09\/WhatsApp-Image-2025-09-30-at-18.19.40.jpeg 1200w\" sizes=\"auto, (max-width: 225px) 100vw, 225px\" \/><\/p>\n<p>\u00bfQuieres contactar con nosotros? Escr\u00edbenos: ies.sintoniza.covadonga@gmail.com<\/p>\n","protected":false},"excerpt":{"rendered":"<p>En nuestro instituto siempre hemos buscado nuevas formas de aprender, compartir y crecer como comunidad, y fue durante el curso 23\/24 cuando se nos present\u00f3 la oportunidad de conseguir un kit de radio, gracias a una formaci\u00f3n que ofertaba la [&hellip;]<\/p>\n","protected":false},"author":1499,"featured_media":0,"parent":0,"menu_order":0,"comment_status":"closed","ping_status":"closed","template":"","meta":{"footnotes":""},"class_list":["post-40","page","type-page","status-publish","hentry"],"_links":{"self":[{"href":"https:\/\/edublog.educastur.es\/sintonizacovadonga\/wp-json\/wp\/v2\/pages\/40","targetHints":{"allow":["GET"]}}],"collection":[{"href":"https:\/\/edublog.educastur.es\/sintonizacovadonga\/wp-json\/wp\/v2\/pages"}],"about":[{"href":"https:\/\/edublog.educastur.es\/sintonizacovadonga\/wp-json\/wp\/v2\/types\/page"}],"author":[{"embeddable":true,"href":"https:\/\/edublog.educastur.es\/sintonizacovadonga\/wp-json\/wp\/v2\/users\/1499"}],"replies":[{"embeddable":true,"href":"https:\/\/edublog.educastur.es\/sintonizacovadonga\/wp-json\/wp\/v2\/comments?post=40"}],"version-history":[{"count":8,"href":"https:\/\/edublog.educastur.es\/sintonizacovadonga\/wp-json\/wp\/v2\/pages\/40\/revisions"}],"predecessor-version":[{"id":73,"href":"https:\/\/edublog.educastur.es\/sintonizacovadonga\/wp-json\/wp\/v2\/pages\/40\/revisions\/73"}],"wp:attachment":[{"href":"https:\/\/edublog.educastur.es\/sintonizacovadonga\/wp-json\/wp\/v2\/media?parent=40"}],"curies":[{"name":"wp","href":"https:\/\/api.w.org\/{rel}","templated":true}]}}

<p>En nuestro instituto siempre hemos buscado nuevas formas de aprender, compartir y crecer como comunidad, y fue durante el curso 23/24 cuando se nos presentó la oportunidad de conseguir un kit de radio, gracias a una formación que ofertaba la Consejería de Educación. Con muchas ganas y a lo loco nos lanzamos varias profesoras, convencidas de que la radio podía suponer una gran oportunidad para nuestro alumnado. Y así, en septiembre de 2024 recibimos nuestro kit y corrimos a montarlo en lo que había sido la cafetería del instituto. Y nos quedó así de bonita&#8230;</p>
<p><img loading="lazy" decoding="async" class="alignnone size-medium wp-image-44" src="http://edublog.educastur.es/sintonizacovadonga/files/2025/09/WhatsApp-Image-2025-09-16-at-23.09.30-225x300.jpeg" alt="" width="225" height="300" srcset="https://edublog.educastur.es/sintonizacovadonga/files/2025/09/WhatsApp-Image-2025-09-16-at-23.09.30-225x300.jpeg 225w, https://edublog.educastur.es/sintonizacovadonga/files/2025/09/WhatsApp-Image-2025-09-16-at-23.09.30-768x1024.jpeg 768w, https://edublog.educastur.es/sintonizacovadonga/files/2025/09/WhatsApp-Image-2025-09-16-at-23.09.30-1152x1536.jpeg 1152w, https://edublog.educastur.es/sintonizacovadonga/files/2025/09/WhatsApp-Image-2025-09-16-at-23.09.30.jpeg 1200w" sizes="auto, (max-width: 225px) 100vw, 225px" /></p>
<p>En octubre nos animamos con la que sería la primera de muchas entrevistas, quedando así inaugurado nuestro equipo de &#8216;sintoniza Covadonga&#8217;</p>
<p><img loading="lazy" decoding="async" class="alignnone size-medium wp-image-43" src="http://edublog.educastur.es/sintonizacovadonga/files/2025/09/WhatsApp-Image-2025-09-16-at-23.09.35-300x225.jpeg" alt="" width="300" height="225" srcset="https://edublog.educastur.es/sintonizacovadonga/files/2025/09/WhatsApp-Image-2025-09-16-at-23.09.35-300x225.jpeg 300w, https://edublog.educastur.es/sintonizacovadonga/files/2025/09/WhatsApp-Image-2025-09-16-at-23.09.35-1024x768.jpeg 1024w, https://edublog.educastur.es/sintonizacovadonga/files/2025/09/WhatsApp-Image-2025-09-16-at-23.09.35-768x576.jpeg 768w, https://edublog.educastur.es/sintonizacovadonga/files/2025/09/WhatsApp-Image-2025-09-16-at-23.09.35-1536x1152.jpeg 1536w, https://edublog.educastur.es/sintonizacovadonga/files/2025/09/WhatsApp-Image-2025-09-16-at-23.09.35.jpeg 1600w" sizes="auto, (max-width: 300px) 100vw, 300px" /></p>
<p>También entre septiembre y octubre comenzamos nuestro programa semanal de noticias, por el que pasaron muchos alumnos y alumnas de distintos cursos. No os imagináis lo bien que funciona este grupo de radio, cómo se gestionan y cómo hacen que cada semana el programa salga adelante. A simple vista puede parecer una actividad simple, pero entraña mucho trabajo por parte de nuestro alumnado, que además desarrolla otros valores, como la responsabilidad, la empatía, el trabajo en equipo, el respeto, sin ellos el programa no saldría adelante.</p>
<p><img loading="lazy" decoding="async" class="alignnone size-medium wp-image-72" src="http://edublog.educastur.es/sintonizacovadonga/files/2025/09/WhatsApp-Image-2025-09-30-at-18.19.40-225x300.jpeg" alt="" width="225" height="300" srcset="https://edublog.educastur.es/sintonizacovadonga/files/2025/09/WhatsApp-Image-2025-09-30-at-18.19.40-225x300.jpeg 225w, https://edublog.educastur.es/sintonizacovadonga/files/2025/09/WhatsApp-Image-2025-09-30-at-18.19.40-768x1024.jpeg 768w, https://edublog.educastur.es/sintonizacovadonga/files/2025/09/WhatsApp-Image-2025-09-30-at-18.19.40-1152x1536.jpeg 1152w, https://edublog.educastur.es/sintonizacovadonga/files/2025/09/WhatsApp-Image-2025-09-30-at-18.19.40.jpeg 1200w" sizes="auto, (max-width: 225px) 100vw, 225px" /></p>
<p>¿Quieres contactar con nosotros? Escríbenos: ies.sintoniza.covadonga@gmail.com</p>

<p>En nuestro instituto siempre hemos buscado nuevas formas de aprender, compartir y crecer como comunidad, y fue durante el curso 23/24 cuando se nos presentó la oportunidad de conseguir un kit de radio, gracias a una formación que ofertaba la [&hellip;]</p>
