{"id":55,"date":"2025-09-29T13:32:28","date_gmt":"2025-09-29T11:32:28","guid":{"rendered":"https:\/\/edublog.educastur.es\/sintonizacovadonga\/?page_id=55"},"modified":"2025-09-30T18:09:16","modified_gmt":"2025-09-30T16:09:16","slug":"queremos-ensenaros","status":"publish","type":"page","link":"https:\/\/edublog.educastur.es\/sintonizacovadonga\/queremos-ensenaros\/","title":{"rendered":"Lo que suena en nuestra radio"},"content":{"rendered":"<p>Desde que encendimos los micr\u00f3fonos por primera vez, nos hemos propuesto que la radio sea un espacio abierto, creativo y para todos. Y poco a poco hemos ido dando forma a diferentes tipos de programas que ya son parte de nuestra parrilla. Aqu\u00ed os dejamos algunos ejemplos, pero <strong>os animamos a visitar <a href=\"https:\/\/www.ivoox.com\/escuchar-audios-sintoniza-covadonga_al_35777481_1.html?show=programs\" target=\"_blank\" rel=\"noopener\">nuestra p\u00e1gina de Ivoox<\/a> \u00a0para descubrir todo nuestro trabajo:<\/strong><\/p>\n<p><span style=\"color: #800080\"><strong>\ud83c\udf99\ufe0f Entrevistas<\/strong><\/span><\/p>\n<p>Nos encanta conocer mejor a las personas que forman parte de nuestra comunidad. Hemos charlado con profes, compa\u00f1eros y hasta con invitados especiales, descubriendo historias, experiencias y consejos que normalmente no se cuentan en clase.<\/p>\n<p>Aqu\u00ed tienes la <strong>entrevista a B\u00e1rbara Alonso Peri<\/strong>, a quien entrevistamos el 24 de enero de 2025, con motivo del D\u00eda del Periodista en Espa\u00f1a y en nuestro centro lo hemos celebrado con una entrevista. El jueves, 30 de enero, nos acompa\u00f1\u00f3 B\u00e1rbara Alonso Peri (periodista de nuestro pueblo). Para ella, el buen periodismo tiene que ser objetivo, reflexivo y puro servicio p\u00fablico. En una larga conversaci\u00f3n con nuestros estudiantes, les dijo que estuviesen orgullosos de estar en este instituto y de vivir donde vivimos; adem\u00e1s, les explic\u00f3 que nuestro pueblo necesita llenarse de ideas nuevas para reinventarse.<\/p>\n<p>1\u00aa parte<\/p>\n<p><a href=\"https:\/\/go.ivoox.com\/rf\/139099634\">https:\/\/go.ivoox.com\/rf\/139099634<\/a><\/p>\n<p>\ud83d\udcda <strong><span style=\"color: #800080\">Proyectos de clase<\/span><\/strong><\/p>\n<p>La radio tambi\u00e9n es una herramienta para aprender. Algunos programas nacen directamente de trabajos de clase. Y este es el caso del diario de primer d\u00eda de clase que realiz\u00f3 nuestra compa\u00f1era de L<strong>engua y Literatura Elena Rego con su alumnado de 1\u00baESO<\/strong>. Todos sabemos que el primer d\u00eda en el instituto genera muchas emociones, y as\u00ed nos lo cuentan sus protagonistas, un bonito recuerdo que os invitamos a escuchar.<\/p>\n<p>Diario de mi primer d\u00eda de clase: <a href=\"https:\/\/go.ivoox.com\/rf\/135802277\">https:\/\/go.ivoox.com\/rf\/135802277<\/a><\/p>\n<p><strong><span style=\"color: #800080\">\ud83d\udcd6 Fragmentos literarios<\/span><\/strong><\/p>\n<p>Porque la radio tambi\u00e9n es un lugar para la imaginaci\u00f3n, hemos preparado lecturas en voz alta: desde fragmentos de novelas hasta poes\u00eda. Con m\u00fasica y efectos de sonido, conseguimos que las palabras cobren vida.<\/p>\n<p>En esta ocasi\u00f3n aprovechamos la entrevista a <strong>Diego Arboleda<\/strong> para que nos leyera un fragmento de su libro <strong>&#8216;Prohibido leer a Lewis Carrol&#8217;<\/strong><\/p>\n<p><a href=\"https:\/\/go.ivoox.com\/rf\/146192321\">https:\/\/go.ivoox.com\/rf\/146192321<\/a><\/p>\n<p>\ud83d\udcf0<strong><span style=\"color: #800080\"> Noticias de la semana &#8216;Buenos d\u00edas, Covadonga&#8217;<\/span><\/strong><\/p>\n<p>Cada viernes hacemos un repaso de lo m\u00e1s importante que ha pasado en el instituto: actividades, excursiones, torneos deportivos y curiosidades. As\u00ed, nadie se pierde nada.<\/p>\n<p>Os dejamos el enlace al programa completo:\u00a0<a href=\"https:\/\/go.ivoox.com\/rf\/146192321\">https:\/\/go.ivoox.com\/rf\/146192321<\/a><\/p>\n<p><span style=\"color: #800080\"><strong>\ud83c\udf99\ufe0fEntrevistas Pimp\u00f3n<\/strong><\/span><\/p>\n<p>Se trata de un programa de <strong>entrevistas cortas al profesorado de nuestro centro<\/strong> educativo. Por este programa, ir\u00e1 pasando el profesorado del IES Virgen de Covadonga y tendr\u00e1n que responder en \u00abpocas palabras\u00bb<\/p>\n<p>Enlace al programa completo aqu\u00ed:<\/p>\n<p><a href=\"https:\/\/go.ivoox.com\/sq\/2535669\">https:\/\/go.ivoox.com\/sq\/2535669<\/a><\/p>\n<p>Estos son solo algunos de los formatos que hemos puesto en marcha, pero lo mejor es que la radio sigue abierta a nuevas ideas. Si tienes una propuesta o un tema que te apetezca compartir, \u00a1los micr\u00f3fonos est\u00e1n listos para ti!<\/p>\n","protected":false},"excerpt":{"rendered":"<p>Desde que encendimos los micr\u00f3fonos por primera vez, nos hemos propuesto que la radio sea un espacio abierto, creativo y para todos. Y poco a poco hemos ido dando forma a diferentes tipos de programas que ya son parte de [&hellip;]<\/p>\n","protected":false},"author":1499,"featured_media":0,"parent":0,"menu_order":0,"comment_status":"closed","ping_status":"closed","template":"","meta":{"footnotes":""},"class_list":["post-55","page","type-page","status-publish","hentry"],"_links":{"self":[{"href":"https:\/\/edublog.educastur.es\/sintonizacovadonga\/wp-json\/wp\/v2\/pages\/55","targetHints":{"allow":["GET"]}}],"collection":[{"href":"https:\/\/edublog.educastur.es\/sintonizacovadonga\/wp-json\/wp\/v2\/pages"}],"about":[{"href":"https:\/\/edublog.educastur.es\/sintonizacovadonga\/wp-json\/wp\/v2\/types\/page"}],"author":[{"embeddable":true,"href":"https:\/\/edublog.educastur.es\/sintonizacovadonga\/wp-json\/wp\/v2\/users\/1499"}],"replies":[{"embeddable":true,"href":"https:\/\/edublog.educastur.es\/sintonizacovadonga\/wp-json\/wp\/v2\/comments?post=55"}],"version-history":[{"count":10,"href":"https:\/\/edublog.educastur.es\/sintonizacovadonga\/wp-json\/wp\/v2\/pages\/55\/revisions"}],"predecessor-version":[{"id":71,"href":"https:\/\/edublog.educastur.es\/sintonizacovadonga\/wp-json\/wp\/v2\/pages\/55\/revisions\/71"}],"wp:attachment":[{"href":"https:\/\/edublog.educastur.es\/sintonizacovadonga\/wp-json\/wp\/v2\/media?parent=55"}],"curies":[{"name":"wp","href":"https:\/\/api.w.org\/{rel}","templated":true}]}}

<p>Desde que encendimos los micrófonos por primera vez, nos hemos propuesto que la radio sea un espacio abierto, creativo y para todos. Y poco a poco hemos ido dando forma a diferentes tipos de programas que ya son parte de nuestra parrilla. Aquí os dejamos algunos ejemplos, pero <strong>os animamos a visitar <a href="https://www.ivoox.com/escuchar-audios-sintoniza-covadonga_al_35777481_1.html?show=programs" target="_blank" rel="noopener">nuestra página de Ivoox</a>  para descubrir todo nuestro trabajo:</strong></p>
<p><span style="color: #800080"><strong>🎙️ Entrevistas</strong></span></p>
<p>Nos encanta conocer mejor a las personas que forman parte de nuestra comunidad. Hemos charlado con profes, compañeros y hasta con invitados especiales, descubriendo historias, experiencias y consejos que normalmente no se cuentan en clase.</p>
<p>Aquí tienes la <strong>entrevista a Bárbara Alonso Peri</strong>, a quien entrevistamos el 24 de enero de 2025, con motivo del Día del Periodista en España y en nuestro centro lo hemos celebrado con una entrevista. El jueves, 30 de enero, nos acompañó Bárbara Alonso Peri (periodista de nuestro pueblo). Para ella, el buen periodismo tiene que ser objetivo, reflexivo y puro servicio público. En una larga conversación con nuestros estudiantes, les dijo que estuviesen orgullosos de estar en este instituto y de vivir donde vivimos; además, les explicó que nuestro pueblo necesita llenarse de ideas nuevas para reinventarse.</p>
<p>1ª parte</p>
<p><a href="https://go.ivoox.com/rf/139099634">https://go.ivoox.com/rf/139099634</a></p>
<p>📚 <strong><span style="color: #800080">Proyectos de clase</span></strong></p>
<p>La radio también es una herramienta para aprender. Algunos programas nacen directamente de trabajos de clase. Y este es el caso del diario de primer día de clase que realizó nuestra compañera de L<strong>engua y Literatura Elena Rego con su alumnado de 1ºESO</strong>. Todos sabemos que el primer día en el instituto genera muchas emociones, y así nos lo cuentan sus protagonistas, un bonito recuerdo que os invitamos a escuchar.</p>
<p>Diario de mi primer día de clase: <a href="https://go.ivoox.com/rf/135802277">https://go.ivoox.com/rf/135802277</a></p>
<p><strong><span style="color: #800080">📖 Fragmentos literarios</span></strong></p>
<p>Porque la radio también es un lugar para la imaginación, hemos preparado lecturas en voz alta: desde fragmentos de novelas hasta poesía. Con música y efectos de sonido, conseguimos que las palabras cobren vida.</p>
<p>En esta ocasión aprovechamos la entrevista a <strong>Diego Arboleda</strong> para que nos leyera un fragmento de su libro <strong>&#8216;Prohibido leer a Lewis Carrol&#8217;</strong></p>
<p><a href="https://go.ivoox.com/rf/146192321">https://go.ivoox.com/rf/146192321</a></p>
<p>📰<strong><span style="color: #800080"> Noticias de la semana &#8216;Buenos días, Covadonga&#8217;</span></strong></p>
<p>Cada viernes hacemos un repaso de lo más importante que ha pasado en el instituto: actividades, excursiones, torneos deportivos y curiosidades. Así, nadie se pierde nada.</p>
<p>Os dejamos el enlace al programa completo: <a href="https://go.ivoox.com/rf/146192321">https://go.ivoox.com/rf/146192321</a></p>
<p><span style="color: #800080"><strong>🎙️Entrevistas Pimpón</strong></span></p>
<p>Se trata de un programa de <strong>entrevistas cortas al profesorado de nuestro centro</strong> educativo. Por este programa, irá pasando el profesorado del IES Virgen de Covadonga y tendrán que responder en «pocas palabras»</p>
<p>Enlace al programa completo aquí:</p>
<p><a href="https://go.ivoox.com/sq/2535669">https://go.ivoox.com/sq/2535669</a></p>
<p>Estos son solo algunos de los formatos que hemos puesto en marcha, pero lo mejor es que la radio sigue abierta a nuevas ideas. Si tienes una propuesta o un tema que te apetezca compartir, ¡los micrófonos están listos para ti!</p>

<p>Desde que encendimos los micrófonos por primera vez, nos hemos propuesto que la radio sea un espacio abierto, creativo y para todos. Y poco a poco hemos ido dando forma a diferentes tipos de programas que ya son parte de [&hellip;]</p>
