{"id":227,"date":"2020-09-21T19:27:12","date_gmt":"2020-09-21T17:27:12","guid":{"rendered":"https:\/\/edublog.educastur.es\/unamusicadecine\/?page_id=227"},"modified":"2024-02-09T14:50:57","modified_gmt":"2024-02-09T12:50:57","slug":"mi-perfil","status":"publish","type":"page","link":"https:\/\/edublog.educastur.es\/unamusicadecine\/mi-perfil\/","title":{"rendered":"MI PERFIL"},"content":{"rendered":"<p style=\"text-align: justify\"><img loading=\"lazy\" decoding=\"async\" class=\"wp-image-8153 alignleft\" src=\"http:\/\/edublog.educastur.es\/unamusicadecine\/files\/2023\/12\/82865100-8fee-4f82-980b-0b4d6d242e67-300x300.jpeg\" alt=\"\" width=\"207\" height=\"207\" srcset=\"https:\/\/edublog.educastur.es\/unamusicadecine\/files\/2023\/12\/82865100-8fee-4f82-980b-0b4d6d242e67-300x300.jpeg 300w, https:\/\/edublog.educastur.es\/unamusicadecine\/files\/2023\/12\/82865100-8fee-4f82-980b-0b4d6d242e67-150x150.jpeg 150w, https:\/\/edublog.educastur.es\/unamusicadecine\/files\/2023\/12\/82865100-8fee-4f82-980b-0b4d6d242e67-768x768.jpeg 768w, https:\/\/edublog.educastur.es\/unamusicadecine\/files\/2023\/12\/82865100-8fee-4f82-980b-0b4d6d242e67-85x85.jpeg 85w, https:\/\/edublog.educastur.es\/unamusicadecine\/files\/2023\/12\/82865100-8fee-4f82-980b-0b4d6d242e67-1000x1000.jpeg 1000w, https:\/\/edublog.educastur.es\/unamusicadecine\/files\/2023\/12\/82865100-8fee-4f82-980b-0b4d6d242e67.jpeg 1024w\" sizes=\"auto, (max-width: 207px) 100vw, 207px\" \/><\/p>\n<p><span style=\"font-family: arial, helvetica, sans-serif\">Hola a tod@s, soy Beatriz Buelga \u00c1lvarez, profesora de M\u00fasica en Educaci\u00f3n Secundaria. <\/span><\/p>\n<p style=\"text-align: justify\"><span style=\"font-family: arial, helvetica, sans-serif\"><img loading=\"lazy\" decoding=\"async\" class=\"size-medium wp-image-8166 alignright\" src=\"http:\/\/edublog.educastur.es\/unamusicadecine\/files\/2023\/12\/23866D30-C136-475E-8158-46A0073A2E6B-300x300.png\" alt=\"\" width=\"207\" height=\"207\" srcset=\"https:\/\/edublog.educastur.es\/unamusicadecine\/files\/2023\/12\/23866D30-C136-475E-8158-46A0073A2E6B-300x300.png 300w, https:\/\/edublog.educastur.es\/unamusicadecine\/files\/2023\/12\/23866D30-C136-475E-8158-46A0073A2E6B-150x150.png 150w, https:\/\/edublog.educastur.es\/unamusicadecine\/files\/2023\/12\/23866D30-C136-475E-8158-46A0073A2E6B-85x85.png 85w, https:\/\/edublog.educastur.es\/unamusicadecine\/files\/2023\/12\/23866D30-C136-475E-8158-46A0073A2E6B.png 398w\" sizes=\"auto, (max-width: 207px) 100vw, 207px\" \/><br \/>\nCuando empec\u00e9 esta aventura musical estaba impartiendo clases en el <i>IES Aramo<\/i> de Oviedo, despu\u00e9s continuar\u00eda mi actividad docente en el IES Concejo de Tineo y actualmente tengo destino definitivo en el <em>IES N\u00famero 1<\/em> de Gij\u00f3n.<\/span><\/p>\n<p style=\"text-align: justify\" align=\"justify\"><span style=\"font-family: arial, helvetica, sans-serif\">El blog\u00a0<i>unamusicadecine<\/i> naci\u00f3 en el a\u00f1o 2011, como consecuencia de un curso que realic\u00e9 sobre materiales \u201cEscuela 2.0\u2033 que pretend\u00eda fomentar el desarrollo y creaci\u00f3n de contenidos digitales.\u00a0<\/span><\/p>\n<p style=\"text-align: justify\" align=\"justify\"><span style=\"font-family: arial, helvetica, sans-serif\"><img loading=\"lazy\" decoding=\"async\" class=\"size-medium wp-image-8228 alignleft\" src=\"http:\/\/edublog.educastur.es\/unamusicadecine\/files\/2023\/12\/938F40BF-F7B0-41AF-A04E-CA43A8A15D9B-300x300.png\" alt=\"\" width=\"207\" height=\"207\" srcset=\"https:\/\/edublog.educastur.es\/unamusicadecine\/files\/2023\/12\/938F40BF-F7B0-41AF-A04E-CA43A8A15D9B-300x300.png 300w, https:\/\/edublog.educastur.es\/unamusicadecine\/files\/2023\/12\/938F40BF-F7B0-41AF-A04E-CA43A8A15D9B-150x150.png 150w, https:\/\/edublog.educastur.es\/unamusicadecine\/files\/2023\/12\/938F40BF-F7B0-41AF-A04E-CA43A8A15D9B-85x85.png 85w, https:\/\/edublog.educastur.es\/unamusicadecine\/files\/2023\/12\/938F40BF-F7B0-41AF-A04E-CA43A8A15D9B.png 398w\" sizes=\"auto, (max-width: 207px) 100vw, 207px\" \/>En un principio, pretend\u00eda ser un lugar donde presentara materiales relacionados con\u00a0dos de mis grandes pasiones, la <u>m\u00fasica y el cine<\/u>, <\/span><span style=\"font-family: arial, helvetica, sans-serif\">de ah\u00ed el t\u00edtulo, pero el blog fue creciendo y su uso se hizo cada vez m\u00e1s frecuente en mis clases, hasta el punto de que hoy no concebir\u00eda las mismas sin \u00e9l, y creo que l@s alumn@s tampoco!!!! (teniendo en cuenta todo lo que participan, y las muchas actividades que hacemos). <img loading=\"lazy\" decoding=\"async\" class=\"size-medium wp-image-8151 alignright\" src=\"http:\/\/edublog.educastur.es\/unamusicadecine\/files\/2023\/12\/Internet-300x300.jpg\" alt=\"\" width=\"207\" height=\"207\" srcset=\"https:\/\/edublog.educastur.es\/unamusicadecine\/files\/2023\/12\/Internet-300x300.jpg 300w, https:\/\/edublog.educastur.es\/unamusicadecine\/files\/2023\/12\/Internet-150x150.jpg 150w, https:\/\/edublog.educastur.es\/unamusicadecine\/files\/2023\/12\/Internet-85x85.jpg 85w, https:\/\/edublog.educastur.es\/unamusicadecine\/files\/2023\/12\/Internet.jpg 398w\" sizes=\"auto, (max-width: 207px) 100vw, 207px\" \/><\/span><\/p>\n<p style=\"text-align: justify\" align=\"justify\"><span style=\"font-family: arial, helvetica, sans-serif\">Me gusta que sea un blog especializado en<span style=\"text-decoration: underline\"> m\u00fasica de cine y televisi\u00f3n<\/span> porque blogs de m\u00fasica ya hay muchos, y muy buenos, y de esta forma hago una aportaci\u00f3n un poco diferente. En la actualidad, el blog ha seguido creciendo y los temas se han ido ampliando seg\u00fan el devenir de las clases.<\/span><\/p>\n<p align=\"justify\"><span style=\"font-family: arial, helvetica, sans-serif\">La informaci\u00f3n que aparece en el blog est\u00e1 sacada de fuentes muy diversas, blogs, diferentes webs&#8230; por ello, \u00a0gracias a todos aquellos que muestran su trabajo de forma gratuita y accesible.<\/span><\/p>\n<p align=\"justify\"><strong><i><img loading=\"lazy\" decoding=\"async\" class=\"alignleft\" src=\"https:\/\/encrypted-tbn2.gstatic.com\/images?q=tbn:ANd9GcSf_6LRpR2Ygp6eGt6y7g2_tFgzfP70Zv-B9tKw5vY54py0fwRm\" width=\"150\" height=\"150\" \/><\/i><\/strong><\/p>\n<p align=\"justify\"><span style=\"font-family: arial, helvetica, sans-serif\">Si quer\u00e9is contactar, bien para preguntar alguna duda, o comentar alg\u00fan otro aspecto del blog, dejad un comentario o enviad un correo a la siguiente direcci\u00f3n: <span style=\"color: #0000ff\"><strong>beatrizbal@educastur.org<\/strong><\/span><\/span><\/p>\n<p align=\"justify\"><span style=\"font-family: arial, helvetica, sans-serif\"><img loading=\"lazy\" decoding=\"async\" class=\"alignright\" src=\"https:\/\/c.tenor.com\/Twb0fUYotxUAAAAC\/gracias-pixar.gif\" alt=\"\" width=\"326\" height=\"182\" \/> Por \u00faltimo, quiero dar las gracias a las diferentes generaciones de alumn@s que con su trabajo y aportaciones han contribuido a que el blog siguiera creciendo, as\u00ed como<\/span><span style=\"font-family: arial, helvetica, sans-serif\"> a tod@s los que os hab\u00e9is acercado a \u00e9l.<\/span><\/p>\n<p style=\"text-align: justify\" align=\"justify\"><span style=\"font-family: arial, helvetica, sans-serif\">\u00a0Y sin m\u00e1s, empezamos\u2026 motor, c\u00e1mara y acci\u00f3n!!!!<\/span><\/p>\n<p style=\"text-align: center\"><span style=\"font-family: arial, helvetica, sans-serif\"><img loading=\"lazy\" decoding=\"async\" class=\"size-medium aligncenter\" src=\"https:\/\/www.gifsanimados.org\/data\/media\/87\/camara-de-cine-imagen-animada-0004.gif\" width=\"208\" height=\"166\" \/><\/span><\/p>\n","protected":false},"excerpt":{"rendered":"<p>Hola a tod@s, soy Beatriz Buelga \u00c1lvarez, profesora de M\u00fasica en Educaci\u00f3n Secundaria. Cuando empec\u00e9 esta aventura musical estaba impartiendo clases en el IES Aramo de Oviedo, despu\u00e9s continuar\u00eda mi actividad docente en el IES Concejo de Tineo y actualmente tengo destino definitivo en el IES N\u00famero 1 de Gij\u00f3n. El blog\u00a0unamusicadecine naci\u00f3 en el [&hellip;]<\/p>\n","protected":false},"author":334,"featured_media":0,"parent":0,"menu_order":0,"comment_status":"open","ping_status":"open","template":"","meta":{"footnotes":""},"class_list":["post-227","page","type-page","status-publish","hentry"],"_links":{"self":[{"href":"https:\/\/edublog.educastur.es\/unamusicadecine\/wp-json\/wp\/v2\/pages\/227","targetHints":{"allow":["GET"]}}],"collection":[{"href":"https:\/\/edublog.educastur.es\/unamusicadecine\/wp-json\/wp\/v2\/pages"}],"about":[{"href":"https:\/\/edublog.educastur.es\/unamusicadecine\/wp-json\/wp\/v2\/types\/page"}],"author":[{"embeddable":true,"href":"https:\/\/edublog.educastur.es\/unamusicadecine\/wp-json\/wp\/v2\/users\/334"}],"replies":[{"embeddable":true,"href":"https:\/\/edublog.educastur.es\/unamusicadecine\/wp-json\/wp\/v2\/comments?post=227"}],"version-history":[{"count":72,"href":"https:\/\/edublog.educastur.es\/unamusicadecine\/wp-json\/wp\/v2\/pages\/227\/revisions"}],"predecessor-version":[{"id":8462,"href":"https:\/\/edublog.educastur.es\/unamusicadecine\/wp-json\/wp\/v2\/pages\/227\/revisions\/8462"}],"wp:attachment":[{"href":"https:\/\/edublog.educastur.es\/unamusicadecine\/wp-json\/wp\/v2\/media?parent=227"}],"curies":[{"name":"wp","href":"https:\/\/api.w.org\/{rel}","templated":true}]}}

<p style="text-align: justify"><img loading="lazy" decoding="async" class="wp-image-8153 alignleft" src="http://edublog.educastur.es/unamusicadecine/files/2023/12/82865100-8fee-4f82-980b-0b4d6d242e67-300x300.jpeg" alt="" width="207" height="207" srcset="https://edublog.educastur.es/unamusicadecine/files/2023/12/82865100-8fee-4f82-980b-0b4d6d242e67-300x300.jpeg 300w, https://edublog.educastur.es/unamusicadecine/files/2023/12/82865100-8fee-4f82-980b-0b4d6d242e67-150x150.jpeg 150w, https://edublog.educastur.es/unamusicadecine/files/2023/12/82865100-8fee-4f82-980b-0b4d6d242e67-768x768.jpeg 768w, https://edublog.educastur.es/unamusicadecine/files/2023/12/82865100-8fee-4f82-980b-0b4d6d242e67-85x85.jpeg 85w, https://edublog.educastur.es/unamusicadecine/files/2023/12/82865100-8fee-4f82-980b-0b4d6d242e67-1000x1000.jpeg 1000w, https://edublog.educastur.es/unamusicadecine/files/2023/12/82865100-8fee-4f82-980b-0b4d6d242e67.jpeg 1024w" sizes="auto, (max-width: 207px) 100vw, 207px" /></p>
<p><span style="font-family: arial, helvetica, sans-serif">Hola a tod@s, soy Beatriz Buelga Álvarez, profesora de Música en Educación Secundaria. </span></p>
<p style="text-align: justify"><span style="font-family: arial, helvetica, sans-serif"><img loading="lazy" decoding="async" class="size-medium wp-image-8166 alignright" src="http://edublog.educastur.es/unamusicadecine/files/2023/12/23866D30-C136-475E-8158-46A0073A2E6B-300x300.png" alt="" width="207" height="207" srcset="https://edublog.educastur.es/unamusicadecine/files/2023/12/23866D30-C136-475E-8158-46A0073A2E6B-300x300.png 300w, https://edublog.educastur.es/unamusicadecine/files/2023/12/23866D30-C136-475E-8158-46A0073A2E6B-150x150.png 150w, https://edublog.educastur.es/unamusicadecine/files/2023/12/23866D30-C136-475E-8158-46A0073A2E6B-85x85.png 85w, https://edublog.educastur.es/unamusicadecine/files/2023/12/23866D30-C136-475E-8158-46A0073A2E6B.png 398w" sizes="auto, (max-width: 207px) 100vw, 207px" /><br />
Cuando empecé esta aventura musical estaba impartiendo clases en el <i>IES Aramo</i> de Oviedo, después continuaría mi actividad docente en el IES Concejo de Tineo y actualmente tengo destino definitivo en el <em>IES Número 1</em> de Gijón.</span></p>
<p style="text-align: justify" align="justify"><span style="font-family: arial, helvetica, sans-serif">El blog <i>unamusicadecine</i> nació en el año 2011, como consecuencia de un curso que realicé sobre materiales “Escuela 2.0″ que pretendía fomentar el desarrollo y creación de contenidos digitales. </span></p>
<p style="text-align: justify" align="justify"><span style="font-family: arial, helvetica, sans-serif"><img loading="lazy" decoding="async" class="size-medium wp-image-8228 alignleft" src="http://edublog.educastur.es/unamusicadecine/files/2023/12/938F40BF-F7B0-41AF-A04E-CA43A8A15D9B-300x300.png" alt="" width="207" height="207" srcset="https://edublog.educastur.es/unamusicadecine/files/2023/12/938F40BF-F7B0-41AF-A04E-CA43A8A15D9B-300x300.png 300w, https://edublog.educastur.es/unamusicadecine/files/2023/12/938F40BF-F7B0-41AF-A04E-CA43A8A15D9B-150x150.png 150w, https://edublog.educastur.es/unamusicadecine/files/2023/12/938F40BF-F7B0-41AF-A04E-CA43A8A15D9B-85x85.png 85w, https://edublog.educastur.es/unamusicadecine/files/2023/12/938F40BF-F7B0-41AF-A04E-CA43A8A15D9B.png 398w" sizes="auto, (max-width: 207px) 100vw, 207px" />En un principio, pretendía ser un lugar donde presentara materiales relacionados con dos de mis grandes pasiones, la <u>música y el cine</u>, </span><span style="font-family: arial, helvetica, sans-serif">de ahí el título, pero el blog fue creciendo y su uso se hizo cada vez más frecuente en mis clases, hasta el punto de que hoy no concebiría las mismas sin él, y creo que l@s alumn@s tampoco!!!! (teniendo en cuenta todo lo que participan, y las muchas actividades que hacemos). <img loading="lazy" decoding="async" class="size-medium wp-image-8151 alignright" src="http://edublog.educastur.es/unamusicadecine/files/2023/12/Internet-300x300.jpg" alt="" width="207" height="207" srcset="https://edublog.educastur.es/unamusicadecine/files/2023/12/Internet-300x300.jpg 300w, https://edublog.educastur.es/unamusicadecine/files/2023/12/Internet-150x150.jpg 150w, https://edublog.educastur.es/unamusicadecine/files/2023/12/Internet-85x85.jpg 85w, https://edublog.educastur.es/unamusicadecine/files/2023/12/Internet.jpg 398w" sizes="auto, (max-width: 207px) 100vw, 207px" /></span></p>
<p style="text-align: justify" align="justify"><span style="font-family: arial, helvetica, sans-serif">Me gusta que sea un blog especializado en<span style="text-decoration: underline"> música de cine y televisión</span> porque blogs de música ya hay muchos, y muy buenos, y de esta forma hago una aportación un poco diferente. En la actualidad, el blog ha seguido creciendo y los temas se han ido ampliando según el devenir de las clases.</span></p>
<p align="justify"><span style="font-family: arial, helvetica, sans-serif">La información que aparece en el blog está sacada de fuentes muy diversas, blogs, diferentes webs&#8230; por ello,  gracias a todos aquellos que muestran su trabajo de forma gratuita y accesible.</span></p>
<p align="justify"><strong><i><img loading="lazy" decoding="async" class="alignleft" src="https://encrypted-tbn2.gstatic.com/images?q=tbn:ANd9GcSf_6LRpR2Ygp6eGt6y7g2_tFgzfP70Zv-B9tKw5vY54py0fwRm" width="150" height="150" /></i></strong></p>
<p align="justify"><span style="font-family: arial, helvetica, sans-serif">Si queréis contactar, bien para preguntar alguna duda, o comentar algún otro aspecto del blog, dejad un comentario o enviad un correo a la siguiente dirección: <span style="color: #0000ff"><strong>beatrizbal@educastur.org</strong></span></span></p>
<p align="justify"><span style="font-family: arial, helvetica, sans-serif"><img loading="lazy" decoding="async" class="alignright" src="https://c.tenor.com/Twb0fUYotxUAAAAC/gracias-pixar.gif" alt="" width="326" height="182" /> Por último, quiero dar las gracias a las diferentes generaciones de alumn@s que con su trabajo y aportaciones han contribuido a que el blog siguiera creciendo, así como</span><span style="font-family: arial, helvetica, sans-serif"> a tod@s los que os habéis acercado a él.</span></p>
<p style="text-align: justify" align="justify"><span style="font-family: arial, helvetica, sans-serif"> Y sin más, empezamos… motor, cámara y acción!!!!</span></p>
<p style="text-align: center"><span style="font-family: arial, helvetica, sans-serif"><img loading="lazy" decoding="async" class="size-medium aligncenter" src="https://www.gifsanimados.org/data/media/87/camara-de-cine-imagen-animada-0004.gif" width="208" height="166" /></span></p>

<p>Hola a tod@s, soy Beatriz Buelga Álvarez, profesora de Música en Educación Secundaria. Cuando empecé esta aventura musical estaba impartiendo clases en el IES Aramo de Oviedo, después continuaría mi actividad docente en el IES Concejo de Tineo y actualmente tengo destino definitivo en el IES Número 1 de Gijón. El blog unamusicadecine nació en el [&hellip;]</p>
