{"id":750,"date":"2020-09-29T16:25:42","date_gmt":"2020-09-29T14:25:42","guid":{"rendered":"https:\/\/edublog.educastur.es\/unamusicadecine\/?page_id=750"},"modified":"2024-11-05T14:02:10","modified_gmt":"2024-11-05T12:02:10","slug":"cine-de-animacion","status":"publish","type":"page","link":"https:\/\/edublog.educastur.es\/unamusicadecine\/cine-de-animacion\/","title":{"rendered":"CINE DE ANIMACI\u00d3N"},"content":{"rendered":"<div class=\"entry\" style=\"text-align: right\">\n<p><img loading=\"lazy\" decoding=\"async\" class=\"alignleft\" src=\"https:\/\/i.pinimg.com\/236x\/1f\/a8\/1b\/1fa81b38bfa7b8ca3952da875284a0c7--piano-art-music-images.jpg\" width=\"346\" height=\"488\" \/><\/p>\n<p style=\"text-align: justify\"><span style=\"font-family: arial, helvetica, sans-serif\">A medida que voy avanzando en la realizaci\u00f3n de distintos post del blog me voy dando cuenta del abanico tan amplio que hay dentro de la m\u00fasica de cine. Repasando las categor\u00edas, vi que faltaba una que muy a menudo estoy usando en el blog, las pel\u00edculas de animaci\u00f3n. En la actualidad se han convertido en un g\u00e9nero de referencia dentro del mundo del cine, hasta el punto que en los Oscar ya hay filmes de animaci\u00f3n que han estado nominados a la mejor pel\u00edcula.<\/span><\/p>\n<p style=\"text-align: justify\"><span style=\"font-family: arial, helvetica, sans-serif\">Sin duda las bandas sonoras de las pel\u00edculas de animaci\u00f3n merecen especial atenci\u00f3n.<\/span><\/p>\n<p style=\"text-align: justify\"><span style=\"font-family: arial, helvetica, sans-serif\">Desde siempre\u00a0<strong>Walt Disney<\/strong><\/span><\/p>\n<p style=\"text-align: justify\"><span style=\"font-family: arial, helvetica, sans-serif\"><strong><img loading=\"lazy\" decoding=\"async\" class=\"alignnone\" src=\"http:\/\/4.bp.blogspot.com\/-G0xQgJF6G70\/TWQ4iHtbZrI\/AAAAAAAAAIo\/uMmghN317EQ\/s1600\/Walt_Disney_and_Mickey_Mouse.cvb.jpg\" width=\"150\" height=\"200\" \/><\/strong>conjug\u00f3 el concepto de dibujos con m\u00fasica creando aut\u00e9nticas obras maestras del g\u00e9nero.<\/span><\/p>\n<p><img loading=\"lazy\" decoding=\"async\" class=\"alignnone\" src=\"http:\/\/1.bp.blogspot.com\/-V8soG-Fy_Yk\/T83LOVoxn4I\/AAAAAAAAABk\/rp5JtF9S5NM\/s1600\/peliculas.jpg\" width=\"650\" height=\"507\" \/><\/p>\n<p style=\"text-align: justify\"><span style=\"font-family: arial, helvetica, sans-serif\">En la actualidad las grandes pel\u00edculas de animaci\u00f3n, que disponen de grandes presupuestos tienen la posibilidad de trabajar con grandes figuras como \u00a0<b>Zimmer<\/b>, <b>Menken<\/b>, <b>Grecson Williams<\/b> \u2026\u2026 que han hecho magn\u00edficos trabajos cuyos temas se han popularizado a trav\u00e9s de los a\u00f1os.<\/span><\/p>\n<p style=\"text-align: justify\"><span style=\"font-family: arial, helvetica, sans-serif\">Aqu\u00ed aparecer\u00e1n los carteles de las pel\u00edculas de animaci\u00f3n que \u00a0vayamos viendo. <\/span><span style=\"font-family: arial, helvetica, sans-serif\"><b>Pinchad en<\/b><strong>\u00a0los carteles <\/strong>para verlas.<\/span><\/p>\n<ul>\n<li style=\"text-align: justify\"><span style=\"color: #0000ff;font-family: arial, helvetica, sans-serif\"><strong>FANTAS\u00cdA<\/strong><\/span><\/li>\n<\/ul>\n<p style=\"text-align: justify\"><a href=\"https:\/\/edublog.educastur.es\/unamusicadecine\/2020\/09\/21\/un-mundo-de-fantasia\/\"><img loading=\"lazy\" decoding=\"async\" src=\"https:\/\/th.bing.com\/th\/id\/R.900ffbdea5ce907403fb48f94566fb8e?rik=U9xnZiMJZGg39w&amp;riu=http%3a%2f%2fpuui.qpic.cn%2fvcover_vt_pic%2f0%2fkxod7lgt4aoa32et1444905046.jpg%2f0&amp;ehk=TDONK6hllvxgRrbrPMbub3vwytWidOh7iO50hgK%2bFxM%3d&amp;risl=&amp;pid=ImgRaw&amp;r=0\" alt=\"\" width=\"256\" height=\"360\" \/><\/a><\/p>\n<\/div>\n<div class=\"entry\" style=\"text-align: right\">\n<ul>\n<li style=\"text-align: justify\"><span style=\"color: #0000ff;font-family: arial, helvetica, sans-serif\"><strong>EL REY LE\u00d3N<\/strong><\/span><\/li>\n<\/ul>\n<p style=\"text-align: justify\"><span style=\"font-family: arial, helvetica, sans-serif\"><a href=\"https:\/\/edublog.educastur.es\/unamusicadecine\/2020\/09\/21\/el-rey-leon\/\"><img loading=\"lazy\" decoding=\"async\" class=\"n3VNCb alignnone\" src=\"https:\/\/es.web.img2.acsta.net\/medias\/nmedia\/18\/68\/20\/31\/19785394.jpg\" alt=\"El Rey Le\u00f3n - Pel\u00edcula 1994 - SensaCine.com\" width=\"256\" height=\"367\" data-noaft=\"1\" \/><\/a><\/span><\/p>\n<ul>\n<li style=\"text-align: justify\"><span style=\"color: #0000ff;font-family: arial, helvetica, sans-serif\"><strong>DUMBO<\/strong><\/span><\/li>\n<\/ul>\n<p style=\"text-align: justify\"><span style=\"font-family: arial, helvetica, sans-serif\"><a href=\"https:\/\/edublog.educastur.es\/unamusicadecine\/2020\/09\/29\/dumbo-una-banda-sonora-para-disfrutar\/\"><img loading=\"lazy\" decoding=\"async\" class=\"n3VNCb alignnone\" src=\"https:\/\/i.imgur.com\/MZ9PdUR.jpg\" alt=\"Danny Elfman \u2013 Dumbo (2019) [FLAC] \u2013 flac.xyz\" width=\"256\" height=\"256\" data-noaft=\"1\" \/><\/a><\/span><\/p>\n<\/div>\n<div class=\"entry\" style=\"text-align: right\">\n<ul>\n<li style=\"text-align: left\"><span style=\"font-family: arial, helvetica, sans-serif\"><strong><span style=\"color: #0000ff\">LAS AVENTURAS DE TADEO JONES<\/span><\/strong><\/span><\/li>\n<\/ul>\n<p style=\"text-align: justify\"><a href=\"https:\/\/edublog.educastur.es\/unamusicadecine\/2020\/09\/22\/las-aventuras-de-tadeo-jones\/\"><img loading=\"lazy\" decoding=\"async\" src=\"https:\/\/pics.filmaffinity.com\/las_aventuras_de_tadeo_jones-656562623-large.jpg\" alt=\"\" width=\"254\" height=\"363\" \/><\/a><\/p>\n<\/div>\n<ul>\n<li><span style=\"font-family: arial, helvetica, sans-serif\">\u00a0<strong><span style=\"color: #0000ff\">R\u00cdO\u00a0<\/span><\/strong><\/span><\/li>\n<\/ul>\n<div class=\"entry\" style=\"text-align: right\">\n<p style=\"text-align: justify\"><span style=\"font-family: arial, helvetica, sans-serif\"><a href=\"https:\/\/edublog.educastur.es\/unamusicadecine\/2020\/09\/22\/rio-una-banda-sonora-con-mucho-ritmo\/\" target=\"_blank\" rel=\"noopener noreferrer\"><img loading=\"lazy\" decoding=\"async\" src=\"http:\/\/t0.gstatic.com\/images?q=tbn:ANd9GcRWqoHcttwzO-EWYrcuPuS3x4EUSVNePxjqLGlerj13tyxy2SOgIw\" alt=\"\" width=\"254\" height=\"367\" \/><\/a><\/span><\/p>\n<ul>\n<li style=\"text-align: left\"><span style=\"font-family: arial, helvetica, sans-serif\">\u00a0<strong><span style=\"color: #0000ff\">RATATOUILLE<\/span><\/strong><\/span><\/li>\n<\/ul>\n<p style=\"text-align: justify\"><span style=\"font-family: arial, helvetica, sans-serif\"><a href=\"https:\/\/edublog.educastur.es\/unamusicadecine\/2020\/09\/22\/ratatouille-una-banda-sonora-con-sabor-frances\/\" target=\"_blank\" rel=\"noopener noreferrer\"><img loading=\"lazy\" decoding=\"async\" src=\"http:\/\/themoviestore2010.files.wordpress.com\/2010\/02\/ratatouille-poster.jpg\" alt=\"\" width=\"274\" height=\"390\" \/><\/a><\/span><\/p>\n<\/div>\n<ul>\n<li><span style=\"font-family: arial, helvetica, sans-serif\"><strong><span style=\"color: #0000ff\">FROZEN<\/span><\/strong><\/span><\/li>\n<\/ul>\n<div class=\"entry\" style=\"text-align: right\">\n<p style=\"text-align: justify\"><span style=\"font-family: arial, helvetica, sans-serif\"><a href=\"https:\/\/edublog.educastur.es\/unamusicadecine\/2020\/09\/22\/frozen-el-reino-del-hielo-triunfa-en-los-oscars\/\" target=\"_blank\" rel=\"noopener noreferrer\"><img loading=\"lazy\" decoding=\"async\" class=\"alignnone\" src=\"http:\/\/img3.wikia.nocookie.net\/__cb20131002122858\/disney\/images\/5\/58\/Frozen-movie-poster.jpg\" alt=\"\" width=\"251\" height=\"359\" \/><\/a><\/span><\/p>\n<ul>\n<li style=\"text-align: left\"><span style=\"font-family: arial, helvetica, sans-serif\"><strong><span style=\"color: #0000ff\">FROZEN 2<\/span><br \/>\n<\/strong><\/span><\/li>\n<\/ul>\n<p style=\"text-align: justify\"><span style=\"font-family: arial, helvetica, sans-serif\"><a href=\"https:\/\/edublog.educastur.es\/unamusicadecine\/2020\/09\/26\/frozen-2\/\"><img loading=\"lazy\" decoding=\"async\" src=\"https:\/\/i.blogs.es\/bc62ad\/frozen-2-cancion\/450_1000.jpg\" alt=\"\" width=\"284\" height=\"284\" \/><\/a><\/span><\/p>\n<ul>\n<li style=\"text-align: left\"><span style=\"font-family: arial, helvetica, sans-serif\">\u00a0<span style=\"color: #0000ff\"><strong>ALICIA EN EL PA\u00cdS DE LAS MARAVILLAS<\/strong><\/span><\/span><\/li>\n<\/ul>\n<p style=\"text-align: justify\"><span style=\"font-family: arial, helvetica, sans-serif\"><a href=\"https:\/\/edublog.educastur.es\/unamusicadecine\/2020\/09\/28\/alicia-en-el-pais-de-las-maravillas\/\" target=\"_blank\" rel=\"noopener noreferrer\"><img loading=\"lazy\" decoding=\"async\" src=\"https:\/\/pics.filmaffinity.com\/alice_in_wonderland-819640742-large.jpg\" alt=\"\" width=\"249\" height=\"379\" \/><\/a><\/span><\/p>\n<ul>\n<li style=\"text-align: left\"><span style=\"color: #0000ff;font-family: arial, helvetica, sans-serif\"><strong>SHREK<\/strong><\/span><\/li>\n<\/ul>\n<p style=\"text-align: justify\"><span style=\"font-family: arial, helvetica, sans-serif\"><a href=\"https:\/\/edublog.educastur.es\/unamusicadecine\/2020\/09\/23\/shrek-y-smash-mouth\/\"><img loading=\"lazy\" decoding=\"async\" style=\"border-style: solid\" src=\"https:\/\/pics.filmaffinity.com\/Shrek-903764423-large.jpg\" alt=\"Shrek (2001) - Filmaffinity\" width=\"271\" height=\"402\" \/><\/a><\/span><\/p>\n<\/div>\n<ul>\n<li><span style=\"color: #0000ff;font-family: arial, helvetica, sans-serif\"><b>BRAVE<\/b><\/span><\/li>\n<\/ul>\n<div class=\"entry\">\n<p style=\"text-align: justify\"><span style=\"font-family: arial, helvetica, sans-serif\"><a href=\"https:\/\/edublog.educastur.es\/unamusicadecine\/2020\/09\/23\/brave-musica-escocesa-para-una-valiente-pelirroja\/\" target=\"_blank\" rel=\"noopener noreferrer\"><img loading=\"lazy\" decoding=\"async\" class=\"alignnone\" src=\"http:\/\/cdn.playbuzz.com\/cdn\/1b0976bb-6cb9-46b3-99ba-5b09e0749239\/46bbd207-4d5b-46fa-870c-77220d0f6cff.jpg\" alt=\"\" width=\"250\" height=\"375\" \/><\/a><\/span><\/p>\n<ul>\n<li><span style=\"color: #0000ff;font-family: arial, helvetica, sans-serif\"><strong>KLAUS<\/strong><\/span><\/li>\n<\/ul>\n<p><span style=\"font-family: arial, helvetica, sans-serif\"><a href=\"https:\/\/edublog.educastur.es\/unamusicadecine\/2020\/09\/26\/547\/\" target=\"_blank\" rel=\"noopener noreferrer\"><img loading=\"lazy\" decoding=\"async\" class=\"alignnone\" src=\"https:\/\/pics.filmaffinity.com\/Klaus-713937309-large.jpg\" alt=\"\" width=\"257\" height=\"380\" \/><\/a><\/span><\/p>\n<ul>\n<li><span style=\"color: #0000ff;font-family: arial, helvetica, sans-serif\"><strong>COMO ENTRENAR A TU DRAG\u00d3N 1, 2 y 3<\/strong><\/span><\/li>\n<\/ul>\n<p><span style=\"font-family: arial, helvetica, sans-serif\"><a href=\"https:\/\/edublog.educastur.es\/unamusicadecine\/2020\/09\/26\/la-banda-sonora-de-la-trilogia-del-dragon\/\" target=\"_blank\" rel=\"noopener noreferrer\"><img loading=\"lazy\" decoding=\"async\" class=\"alignnone\" src=\"https:\/\/s1.thcdn.com\/productimg\/1600\/1600\/12030772-6914666493283345.jpg\" alt=\"\" width=\"249\" height=\"315\" \/><\/a><\/span><\/p>\n<ul>\n<li><span style=\"font-family: arial, helvetica, sans-serif\"><strong><span style=\"color: #0000ff\">LA SAGA DE LOS AMARILLOS\u00a0<\/span><\/strong><\/span><\/li>\n<\/ul>\n<p><span style=\"font-family: arial, helvetica, sans-serif\"><a href=\"https:\/\/edublog.educastur.es\/unamusicadecine\/2020\/09\/30\/la-saga-de-los-amarillos\/\" target=\"_blank\" rel=\"noopener noreferrer\"><img loading=\"lazy\" decoding=\"async\" class=\"alignnone\" src=\"https:\/\/images-na.ssl-images-amazon.com\/images\/I\/91N7P7WKONL._SL1500_.jpg\" alt=\"\" width=\"300\" height=\"290\" \/><\/a><\/span><\/p>\n<ul>\n<li><span style=\"font-family: arial, helvetica, sans-serif\">\u00a0<strong><span style=\"color: #0000ff\">BANDAS SONORAS EN EL \u00c1NIME<\/span><\/strong><\/span><\/li>\n<\/ul>\n<p><span style=\"font-family: arial, helvetica, sans-serif\"><a href=\"https:\/\/edublog.educastur.es\/unamusicadecine\/2020\/09\/29\/la-musica-del-anime\/\" target=\"_blank\" rel=\"noopener noreferrer\"><img loading=\"lazy\" decoding=\"async\" class=\"alignnone\" src=\"https:\/\/pm1.narvii.com\/6233\/a38ad76422ffe0e9ced3246de4a2891c7598ad6f_hq.jpg\" alt=\"\" width=\"256\" height=\"292\" \/><\/a><\/span><\/p>\n<ul>\n<li><span style=\"color: #0000ff;font-family: arial, helvetica, sans-serif\"><strong>TROLLS<\/strong><\/span><\/li>\n<\/ul>\n<p><span style=\"font-family: arial, helvetica, sans-serif\"><a href=\"https:\/\/edublog.educastur.es\/unamusicadecine\/2020\/09\/26\/trolls-una-banda-sonora-llena-de-color\/\" target=\"_blank\" rel=\"noopener noreferrer\"><img loading=\"lazy\" decoding=\"async\" class=\"alignnone\" src=\"https:\/\/vignette.wikia.nocookie.net\/doblaje\/images\/e\/e4\/Trolls_Logo.jpg\/revision\/latest\/top-crop\/width\/360\/height\/450?cb=20190204205607&amp;path-prefix=es\" alt=\"\" width=\"259\" height=\"324\" \/><\/a><\/span><\/p>\n<ul>\n<li><span style=\"color: #0000ff;font-family: arial, helvetica, sans-serif\"><strong>TROLLS 2<\/strong><\/span><\/li>\n<\/ul>\n<p><span style=\"font-family: arial, helvetica, sans-serif\"><a href=\"https:\/\/edublog.educastur.es\/unamusicadecine\/2020\/12\/01\/trolls-2-un-festival-de-estilos-musicales\/\"><img loading=\"lazy\" decoding=\"async\" class=\"alignnone \" src=\"https:\/\/es.web.img2.acsta.net\/pictures\/20\/01\/22\/17\/44\/3549668.jpg\" width=\"256\" height=\"341\" \/><\/a><\/span><\/p>\n<ul>\n<li><span style=\"color: #0000ff;font-family: arial, helvetica, sans-serif\"><strong>SING!<\/strong><\/span><\/li>\n<\/ul>\n<p><span style=\"font-family: arial, helvetica, sans-serif\"><a href=\"https:\/\/edublog.educastur.es\/unamusicadecine\/2021\/01\/12\/sing-un-musical-con-mucha-marcha-actividad-1ode-eso\/\"><img loading=\"lazy\" decoding=\"async\" class=\"alignnone size-thumbnail\" src=\"https:\/\/1.bp.blogspot.com\/-etU5_tk07Xc\/XUIyzmtM02I\/AAAAAAAAKTs\/0NcjouaD3mcG9bsydk1h0jJ7DKMV3PUQQCLcBGAs\/s1600\/sing%2Bven%2By%2Bcanta.jpg\" width=\"250\" height=\"354\" \/><\/a><\/span><\/p>\n<ul>\n<li><span style=\"font-family: arial, helvetica, sans-serif;color: #0000ff\"><b>WOLFWALKERS<\/b><\/span><\/li>\n<\/ul>\n<p><a href=\"https:\/\/edublog.educastur.es\/unamusicadecine\/2021\/01\/27\/wolfwalkers-la-magia-de-la-animacion-y-de-la-musica-de-bruno-coulais\/\"><img loading=\"lazy\" decoding=\"async\" src=\"https:\/\/www.themoviedb.org\/t\/p\/original\/uRkDrsKwCCZC9zdHZs2CFTt1ATZ.jpg\" alt=\"\" width=\"250\" height=\"375\" \/><\/a><\/p>\n<ul>\n<li><span style=\"color: #0000ff;font-family: arial, helvetica, sans-serif\"><strong>COCO<\/strong><\/span><\/li>\n<\/ul>\n<p><span style=\"font-family: arial, helvetica, sans-serif\"><a href=\"https:\/\/edublog.educastur.es\/unamusicadecine\/2021\/03\/24\/coco-una-banda-sonora-para-recordar\/\"><img loading=\"lazy\" decoding=\"async\" class=\"\" src=\"https:\/\/noescinetodoloquereluce.com\/wp-content\/uploads\/2017\/09\/coco-9.jpg\" width=\"269\" height=\"385\" \/><\/a><\/span><\/p>\n<ul>\n<li><span style=\"color: #0000ff;font-family: arial, helvetica, sans-serif\"><strong>VAIANA<\/strong><\/span><\/li>\n<\/ul>\n<p><span style=\"font-family: arial, helvetica, sans-serif\"><a href=\"https:\/\/edublog.educastur.es\/unamusicadecine\/2021\/05\/19\/vaiana-un-musical-oceanico\/\"><img loading=\"lazy\" decoding=\"async\" class=\"alignnone \" src=\"https:\/\/images-na.ssl-images-amazon.com\/images\/I\/51KBjZ52CnL.jpg\" width=\"263\" height=\"263\" \/><\/a><\/span><\/p>\n<ul>\n<li><span style=\"color: #0000ff;font-family: arial, helvetica, sans-serif\"><strong>LUCA<\/strong><\/span><\/li>\n<\/ul>\n<p><span style=\"font-family: arial, helvetica, sans-serif\"><a href=\"https:\/\/edublog.educastur.es\/unamusicadecine\/2021\/10\/06\/luca-el-ultimo-exito-de-pixar-a-los-sones-de-los-clasicos-italianos\/\"><img loading=\"lazy\" decoding=\"async\" class=\"alignnone \" src=\"https:\/\/www.aceprensa.com\/wp-content\/uploads\/2021\/06\/Cartel-Luca.jpg\" width=\"264\" height=\"330\" \/><\/a><\/span><\/p>\n<ul>\n<li><span style=\"color: #0000ff;font-family: arial, helvetica, sans-serif\"><strong>ENCANTO<\/strong><\/span><\/li>\n<\/ul>\n<\/div>\n<p><a href=\"https:\/\/edublog.educastur.es\/unamusicadecine\/2021\/12\/10\/encanto-una-banda-sonora-con-ritmos-colombianos\/\"><span style=\"font-family: arial, helvetica, sans-serif\"><img loading=\"lazy\" decoding=\"async\" class=\"\" src=\"https:\/\/images-na.ssl-images-amazon.com\/images\/I\/A1lGZsWoEtL.jpg\" alt=\"\" width=\"264\" height=\"389\" \/><\/span><\/a><\/p>\n<ul>\n<li><span style=\"color: #0000ff;font-family: arial, helvetica, sans-serif\"><b>SING! 2<\/b><\/span><\/li>\n<\/ul>\n<p><a href=\"https:\/\/edublog.educastur.es\/unamusicadecine\/2022\/01\/11\/sing-2-y-otros-momentazos-a-ritmo-de-u2\/\"><img loading=\"lazy\" decoding=\"async\" class=\"\" src=\"https:\/\/es.web.img2.acsta.net\/pictures\/21\/11\/08\/11\/02\/2660783.jpg\" alt=\"\" width=\"263\" height=\"329\" \/><\/a><\/p>\n<ul>\n<li><span style=\"color: #0000ff\"><strong><span style=\"font-family: arial, helvetica, sans-serif\">RED<\/span><\/strong><\/span><\/li>\n<\/ul>\n<p><a href=\"https:\/\/edublog.educastur.es\/unamusicadecine\/2022\/04\/25\/una-boy-band-en-la-banda-sonora-de-red\/\"><img loading=\"lazy\" decoding=\"async\" class=\"\" src=\"https:\/\/estaticos-cdn.epe.es\/clip\/1886accf-3443-40f1-a144-b7c9782ee6c6_source-aspect-ratio_default_0.jpg\" alt=\"\" width=\"265\" height=\"398\" \/><\/a><\/p>\n<div class=\"entry\">\n<p style=\"text-align: center\"><span style=\"font-family: arial, helvetica, sans-serif\"><b><span style=\"color: #ff0000\"><strong>ACTIVIDAD BLOG. 1\u00ba ESO<\/strong><\/span> <img loading=\"lazy\" decoding=\"async\" class=\"alignnone size-thumbnail wp-image-8224\" src=\"http:\/\/edublog.educastur.es\/unamusicadecine\/files\/2023\/12\/D4ADBE8B-56BF-4B9F-AF53-59B44CB25317-150x150.png\" alt=\"\" width=\"150\" height=\"150\" srcset=\"https:\/\/edublog.educastur.es\/unamusicadecine\/files\/2023\/12\/D4ADBE8B-56BF-4B9F-AF53-59B44CB25317-150x150.png 150w, https:\/\/edublog.educastur.es\/unamusicadecine\/files\/2023\/12\/D4ADBE8B-56BF-4B9F-AF53-59B44CB25317-300x300.png 300w, https:\/\/edublog.educastur.es\/unamusicadecine\/files\/2023\/12\/D4ADBE8B-56BF-4B9F-AF53-59B44CB25317-85x85.png 85w, https:\/\/edublog.educastur.es\/unamusicadecine\/files\/2023\/12\/D4ADBE8B-56BF-4B9F-AF53-59B44CB25317.png 398w\" sizes=\"auto, (max-width: 150px) 100vw, 150px\" \/><\/b><\/span><\/p>\n<p style=\"text-align: justify\"><span style=\"font-family: arial, helvetica, sans-serif\"><strong>Elige una de las pel\u00edculas de animaci\u00f3n de la p\u00e1gina y contesta a las 3 primeras preguntas en la libreta,\u00a0 la \u00faltima, la har\u00e1s en el blog y si es correcta ser\u00e1 publicada:<\/strong><\/span><\/p>\n<ol style=\"text-align: justify\">\n<li><span style=\"font-family: arial, helvetica, sans-serif\"><strong>Pincha en el cartel de la pel\u00edcula y completa: Director, autor de la banda sonora, sinopsis (argumento de la pel\u00edcula), premios (si los ha tenido) y cualquier otro dato que consideres importante.<\/strong><\/span><\/li>\n<li><span style=\"font-family: arial, helvetica, sans-serif\"><strong>Visiona los v\u00eddeos con las canciones de la pel\u00edcula y explica los sentimientos que te ha transmitido cada una de ellas.<\/strong><\/span><\/li>\n<li><span style=\"font-family: arial, helvetica, sans-serif\"><strong>Explica por qu\u00e9 has elegido esa pel\u00edcula de animaci\u00f3n.<\/strong><\/span><span style=\"font-family: arial, helvetica, sans-serif\"><strong><br \/>\n<\/strong><\/span><\/li>\n<li><span style=\"font-family: arial, helvetica, sans-serif\"><strong>En el blog debes explicar lo que te ha aportado hacer esta actividad.<\/strong><\/span><\/li>\n<li><strong><span style=\"font-family: arial, helvetica, sans-serif\">Opcional: Puedes hacer de forma individual o por parejas un mural en tama\u00f1o que tenga los siguientes elementos:<\/span><\/strong><\/li>\n<\/ol>\n<ul>\n<li style=\"list-style-type: none\">\n<ul>\n<li><strong><span style=\"font-family: arial, helvetica, sans-serif\">T\u00edtulo: Nombre de la pel\u00edcula de animaci\u00f3n elegido.<\/span><\/strong><\/li>\n<li style=\"text-align: justify\"><strong><span style=\"font-family: arial, helvetica, sans-serif\">Cartel de la pel\u00edcula con breve informaci\u00f3n de la misma (Director, autor BSO, personajes, argumento,\u2026) y toda la decoraci\u00f3n que quer\u00e1is. <\/span><\/strong><\/li>\n<\/ul>\n<\/li>\n<\/ul>\n<p><strong><span style=\"font-family: arial, helvetica, sans-serif\">\u00a0 \u00a0 \u00a0 \u00a0 \u00a0 \u00a0 \u00a0 \u00a0 \u00a0 Los mejores se pondr\u00e1n en el aula y contar\u00e1n para la evaluaci\u00f3n.<\/span><\/strong><\/p>\n<p style=\"text-align: justify\"><strong><span style=\"font-family: arial, helvetica, sans-serif\"><img loading=\"lazy\" decoding=\"async\" class=\"alignnone wp-image-8274\" src=\"http:\/\/edublog.educastur.es\/unamusicadecine\/files\/2024\/01\/Nos-vemos-en-el-blog-150x150.jpeg\" alt=\"\" width=\"186\" height=\"186\" srcset=\"https:\/\/edublog.educastur.es\/unamusicadecine\/files\/2024\/01\/Nos-vemos-en-el-blog-150x150.jpeg 150w, https:\/\/edublog.educastur.es\/unamusicadecine\/files\/2024\/01\/Nos-vemos-en-el-blog-85x85.jpeg 85w\" sizes=\"auto, (max-width: 186px) 100vw, 186px\" \/><\/span><\/strong><\/p>\n<\/div>\n","protected":false},"excerpt":{"rendered":"<p>A medida que voy avanzando en la realizaci\u00f3n de distintos post del blog me voy dando cuenta del abanico tan amplio que hay dentro de la m\u00fasica de cine. Repasando las categor\u00edas, vi que faltaba una que muy a menudo estoy usando en el blog, las pel\u00edculas de animaci\u00f3n. En la actualidad se han convertido [&hellip;]<\/p>\n","protected":false},"author":334,"featured_media":0,"parent":0,"menu_order":0,"comment_status":"open","ping_status":"closed","template":"","meta":{"footnotes":""},"class_list":["post-750","page","type-page","status-publish","hentry"],"_links":{"self":[{"href":"https:\/\/edublog.educastur.es\/unamusicadecine\/wp-json\/wp\/v2\/pages\/750","targetHints":{"allow":["GET"]}}],"collection":[{"href":"https:\/\/edublog.educastur.es\/unamusicadecine\/wp-json\/wp\/v2\/pages"}],"about":[{"href":"https:\/\/edublog.educastur.es\/unamusicadecine\/wp-json\/wp\/v2\/types\/page"}],"author":[{"embeddable":true,"href":"https:\/\/edublog.educastur.es\/unamusicadecine\/wp-json\/wp\/v2\/users\/334"}],"replies":[{"embeddable":true,"href":"https:\/\/edublog.educastur.es\/unamusicadecine\/wp-json\/wp\/v2\/comments?post=750"}],"version-history":[{"count":52,"href":"https:\/\/edublog.educastur.es\/unamusicadecine\/wp-json\/wp\/v2\/pages\/750\/revisions"}],"predecessor-version":[{"id":8825,"href":"https:\/\/edublog.educastur.es\/unamusicadecine\/wp-json\/wp\/v2\/pages\/750\/revisions\/8825"}],"wp:attachment":[{"href":"https:\/\/edublog.educastur.es\/unamusicadecine\/wp-json\/wp\/v2\/media?parent=750"}],"curies":[{"name":"wp","href":"https:\/\/api.w.org\/{rel}","templated":true}]}}